CRAN Package Check Results for Package imgrec

Last updated on 2021-11-28 02:48:50 CET.

Flavor Version Tinstall Tcheck Ttotal Status Flags
r-devel-linux-x86_64-debian-clang 0.1.2 OK
r-devel-linux-x86_64-debian-gcc 0.1.2 3.28 34.58 37.86 OK
r-devel-linux-x86_64-fedora-clang 0.1.2 72.25 NOTE
r-devel-linux-x86_64-fedora-gcc 0.1.2 58.53 NOTE
r-devel-windows-x86_64-new-UL 0.1.2 12.00 91.00 103.00 OK
r-devel-windows-x86_64-new-TK 0.1.2 NOTE
r-devel-windows-x86_64-old 0.1.2 7.00 68.00 75.00 OK
r-patched-linux-x86_64 0.1.2 3.33 43.53 46.86 OK
r-patched-solaris-x86 0.1.2 85.60 NOTE
r-release-linux-x86_64 0.1.2 OK
r-release-macos-arm64 0.1.2 NOTE
r-release-macos-x86_64 0.1.2 NOTE
r-release-windows-ix86+x86_64 0.1.2 14.00 47.00 61.00 OK
r-oldrel-macos-x86_64 0.1.2 NOTE
r-oldrel-windows-ix86+x86_64 0.1.2 21.00 75.00 96.00 OK

Check Details

Version: 0.1.2
Check: dependencies in R code
Result: NOTE
    Namespace in Imports field not imported from: ‘knitr’
     All declared Imports should be used.
Flavors: r-devel-linux-x86_64-fedora-clang, r-devel-linux-x86_64-fedora-gcc, r-devel-windows-x86_64-new-TK, r-patched-solaris-x86, r-release-macos-arm64, r-release-macos-x86_64, r-oldrel-macos-x86_64