Last updated on 2023-02-09 02:53:15 CET.
Flavor | Version | Tinstall | Tcheck | Ttotal | Status | Flags |
---|---|---|---|---|---|---|
r-devel-linux-x86_64-debian-clang | 0.4.6 | 118.13 | 649.38 | 767.51 | NOTE | --no-tests |
r-devel-linux-x86_64-debian-gcc | 0.4.6 | 94.29 | 1043.25 | 1137.54 | NOTE | --no-tests |
r-devel-linux-x86_64-fedora-clang | 0.4.6 | 1246.75 | NOTE | |||
r-devel-linux-x86_64-fedora-gcc | 0.4.6 | 1203.83 | NOTE | |||
r-devel-windows-x86_64 | 0.4.6 | 250.00 | 632.00 | 882.00 | NOTE | |
r-patched-linux-x86_64 | 0.4.6 | 94.18 | 706.45 | 800.63 | OK | --no-tests |
r-release-linux-x86_64 | 0.4.6 | 86.65 | 835.32 | 921.97 | OK | --no-tests |
r-release-macos-arm64 | 0.4.6 | 157.00 | NOTE | |||
r-release-macos-x86_64 | 0.4.6 | 239.00 | NOTE | |||
r-release-windows-x86_64 | 0.4.6 | 131.00 | 664.00 | 795.00 | OK | |
r-oldrel-macos-arm64 | 0.4.6 | 184.00 | NOTE | |||
r-oldrel-macos-x86_64 | 0.4.6 | 244.00 | NOTE | |||
r-oldrel-windows-ix86+x86_64 | 0.4.6 | 273.00 | 899.00 | 1172.00 | NOTE |
Version: 0.4.6
Flags: --no-tests
Check: C++ specification
Result: NOTE
Specified C++11: please update to current default of C++17
Flavor: r-devel-linux-x86_64-debian-clang
Version: 0.4.6
Flags: --no-tests
Check: C++ specification
Result: NOTE
Specified C++11: please drop specification unless essential
Flavor: r-devel-linux-x86_64-debian-gcc
Version: 0.4.6
Check: C++ specification
Result: NOTE
Specified C++11: please drop specification unless essential
Flavors: r-devel-linux-x86_64-fedora-clang, r-devel-linux-x86_64-fedora-gcc, r-devel-windows-x86_64
Version: 0.4.6
Check: installed package size
Result: NOTE
installed size is 6.7Mb
sub-directories of 1Mb or more:
data 1.3Mb
libs 4.2Mb
Flavors: r-release-macos-arm64, r-release-macos-x86_64, r-oldrel-macos-arm64, r-oldrel-macos-x86_64, r-oldrel-windows-ix86+x86_64