CRAN Package Check Results for Package librarysnapshot

Last updated on 2021-04-24 02:48:01 CEST.

Flavor Version Tinstall Tcheck Ttotal Status Flags
r-devel-linux-x86_64-debian-clang 0.1.2 1.66 21.80 23.46 NOTE
r-devel-linux-x86_64-debian-gcc 0.1.2 1.37 17.29 18.66 NOTE
r-devel-linux-x86_64-fedora-clang 0.1.2 40.77 NOTE
r-devel-linux-x86_64-fedora-gcc 0.1.2 50.10 NOTE
r-devel-windows-ix86+x86_64 0.1.2 4.00 33.00 37.00 NOTE
r-devel-windows-x86_64-gcc10-UCRT 0.1.2 NOTE
r-patched-linux-x86_64 0.1.2 1.83 21.07 22.90 NOTE
r-patched-solaris-x86 0.1.2 45.80 OK
r-release-linux-x86_64 0.1.2 1.73 20.98 22.71 OK
r-release-macos-x86_64 0.1.2 OK
r-release-windows-ix86+x86_64 0.1.2 4.00 38.00 42.00 OK
r-oldrel-macos-x86_64 0.1.2 OK
r-oldrel-windows-ix86+x86_64 0.1.2 3.00 40.00 43.00 OK

Check Details

Version: 0.1.2
Check: LazyData
Result: NOTE
     'LazyData' is specified without a 'data' directory
Flavors: r-devel-linux-x86_64-debian-clang, r-devel-linux-x86_64-debian-gcc, r-devel-linux-x86_64-fedora-clang, r-devel-linux-x86_64-fedora-gcc, r-devel-windows-ix86+x86_64, r-devel-windows-x86_64-gcc10-UCRT, r-patched-linux-x86_64