CRAN Package Check Results for Package lpme

Last updated on 2022-10-03 02:53:40 CEST.

Flavor Version Tinstall Tcheck Ttotal Status Flags
r-devel-linux-x86_64-debian-clang 1.1.3 137.43 48.15 185.58 OK
r-devel-linux-x86_64-debian-gcc 1.1.3 116.82 35.76 152.58 OK
r-devel-linux-x86_64-fedora-clang 1.1.3 302.23 OK
r-devel-linux-x86_64-fedora-gcc 1.1.3 280.46 OK
r-devel-windows-x86_64 1.1.3 202.00 96.00 298.00 OK
r-patched-linux-x86_64 1.1.3 128.72 46.68 175.40 OK
r-release-linux-x86_64 1.1.3 118.07 45.57 163.64 OK
r-release-macos-arm64 1.1.3 61.00 NOTE
r-release-macos-x86_64 1.1.3 92.00 NOTE
r-release-windows-x86_64 1.1.3 142.00 100.00 242.00 OK
r-oldrel-macos-arm64 1.1.3 60.00 NOTE
r-oldrel-macos-x86_64 1.1.3 87.00 NOTE
r-oldrel-windows-ix86+x86_64 1.1.3 364.00 109.00 473.00 OK

Check Details

Version: 1.1.3
Check: installed package size
Result: NOTE
     installed size is 5.6Mb
     sub-directories of 1Mb or more:
     libs 5.4Mb
Flavors: r-release-macos-arm64, r-release-macos-x86_64, r-oldrel-macos-arm64, r-oldrel-macos-x86_64