Last updated on 2023-03-25 02:49:12 CET.
Flavor | Version | Tinstall | Tcheck | Ttotal | Status | Flags |
---|---|---|---|---|---|---|
r-devel-linux-x86_64-debian-clang | 0.2.0 | 21.88 | 149.08 | 170.96 | OK | |
r-devel-linux-x86_64-debian-gcc | 0.2.0 | 20.84 | 133.32 | 154.16 | OK | |
r-devel-linux-x86_64-fedora-clang | 0.2.0 | 254.46 | NOTE | |||
r-devel-linux-x86_64-fedora-gcc | 0.2.0 | 246.63 | NOTE | |||
r-patched-linux-x86_64 | 0.2.0 | 29.00 | 163.58 | 192.58 | OK | |
r-release-linux-x86_64 | 0.2.0 | 21.81 | 151.60 | 173.41 | OK | |
r-release-macos-arm64 | 0.2.0 | 68.00 | NOTE | |||
r-release-macos-x86_64 | 0.2.0 | 114.00 | NOTE | |||
r-release-windows-x86_64 | 0.2.0 | 31.00 | 192.00 | 223.00 | OK | |
r-oldrel-macos-arm64 | 0.2.0 | 60.00 | NOTE | |||
r-oldrel-macos-x86_64 | 0.2.0 | 130.00 | NOTE | |||
r-oldrel-windows-ix86+x86_64 | 0.2.0 | 49.00 | 190.00 | 239.00 | OK |
Version: 0.2.0
Check: dependencies in R code
Result: NOTE
Namespace in Imports field not imported from: ‘mathjaxr’
All declared Imports should be used.
Flavors: r-devel-linux-x86_64-fedora-clang, r-devel-linux-x86_64-fedora-gcc, r-release-macos-arm64, r-release-macos-x86_64, r-oldrel-macos-arm64, r-oldrel-macos-x86_64