CRAN Package Check Results for Package mastif

Last updated on 2021-04-24 02:48:02 CEST.

Flavor Version Tinstall Tcheck Ttotal Status Flags
r-devel-linux-x86_64-debian-clang 1.0.1 62.25 123.17 185.42 NOTE
r-devel-linux-x86_64-debian-gcc 1.0.1 43.31 89.87 133.18 NOTE
r-devel-linux-x86_64-fedora-clang 1.0.1 239.04 NOTE
r-devel-linux-x86_64-fedora-gcc 1.0.1 225.25 NOTE
r-devel-windows-ix86+x86_64 1.0.1 124.00 165.00 289.00 NOTE
r-devel-windows-x86_64-gcc10-UCRT 1.0.1 NOTE
r-patched-linux-x86_64 1.0.1 52.99 117.21 170.20 NOTE
r-patched-solaris-x86 1.0.1 235.40 OK
r-release-linux-x86_64 1.0.1 50.56 106.09 156.65 OK
r-release-macos-x86_64 1.0.1 OK
r-release-windows-ix86+x86_64 1.0.1 124.00 134.00 258.00 OK
r-oldrel-macos-x86_64 1.0.1 OK
r-oldrel-windows-ix86+x86_64 1.0.1 104.00 144.00 248.00 OK

Check Details

Version: 1.0.1
Check: LazyData
Result: NOTE
     'LazyData' is specified without a 'data' directory
Flavors: r-devel-linux-x86_64-debian-clang, r-devel-linux-x86_64-debian-gcc, r-devel-linux-x86_64-fedora-clang, r-devel-linux-x86_64-fedora-gcc, r-devel-windows-ix86+x86_64, r-devel-windows-x86_64-gcc10-UCRT, r-patched-linux-x86_64