CRAN Package Check Results for Package mcclust

Last updated on 2023-03-25 02:49:12 CET.

Flavor Version Tinstall Tcheck Ttotal Status Flags
r-devel-linux-x86_64-debian-clang 1.0.1 3.35 34.34 37.69 OK
r-devel-linux-x86_64-debian-gcc 1.0.1 2.45 27.37 29.82 OK
r-devel-linux-x86_64-fedora-clang 1.0.1 47.02 NOTE
r-devel-linux-x86_64-fedora-gcc 1.0.1 45.92 NOTE
r-patched-linux-x86_64 1.0.1 3.68 33.88 37.56 OK
r-release-linux-x86_64 1.0.1 3.27 34.56 37.83 OK
r-release-macos-arm64 1.0.1 31.00 OK
r-release-macos-x86_64 1.0.1 32.00 OK
r-release-windows-x86_64 1.0.1 18.00 73.00 91.00 OK
r-oldrel-macos-arm64 1.0.1 30.00 OK
r-oldrel-macos-x86_64 1.0.1 29.00 OK
r-oldrel-windows-ix86+x86_64 1.0.1 10.00 83.00 93.00 OK

Check Details

Version: 1.0.1
Check: compiled code
Result: NOTE
    File ‘mcclust/libs/mcclust.so’:
     Found no calls to: ‘R_registerRoutines’, ‘R_useDynamicSymbols’
    
    It is good practice to register native routines and to disable symbol
    search.
    
    See ‘Writing portable packages’ in the ‘Writing R Extensions’ manual.
Flavors: r-devel-linux-x86_64-fedora-clang, r-devel-linux-x86_64-fedora-gcc