Last updated on 2023-05-28 02:55:54 CEST.
Flavor | Version | Tinstall | Tcheck | Ttotal | Status | Flags |
---|---|---|---|---|---|---|
r-devel-linux-x86_64-debian-clang | 0.7.2 | 118.53 | 320.22 | 438.75 | OK | |
r-devel-linux-x86_64-debian-gcc | 0.7.2 | 101.22 | 238.87 | 340.09 | OK | |
r-devel-linux-x86_64-fedora-clang | 0.7.2 | 563.91 | OK | |||
r-devel-linux-x86_64-fedora-gcc | 0.7.2 | 577.80 | OK | |||
r-devel-windows-x86_64 | 0.7.2 | 94.00 | 280.00 | 374.00 | OK | |
r-patched-linux-x86_64 | 0.7.2 | 101.86 | 302.30 | 404.16 | OK | |
r-release-linux-x86_64 | 0.7.2 | 102.43 | 306.11 | 408.54 | OK | |
r-release-macos-arm64 | 0.7.2 | 112.00 | NOTE | |||
r-release-macos-x86_64 | 0.7.2 | 285.00 | NOTE | |||
r-release-windows-x86_64 | 0.7.2 | 123.00 | 350.00 | 473.00 | OK | |
r-oldrel-macos-arm64 | 0.7.2 | 102.00 | NOTE | |||
r-oldrel-macos-x86_64 | 0.7.2 | 185.00 | NOTE | |||
r-oldrel-windows-x86_64 | 0.7.2 | 122.00 | 333.00 | 455.00 | OK |
Version: 0.7.2
Check: installed package size
Result: NOTE
installed size is 18.5Mb
sub-directories of 1Mb or more:
libs 17.1Mb
Flavors: r-release-macos-arm64, r-release-macos-x86_64, r-oldrel-macos-arm64, r-oldrel-macos-x86_64