CRAN Package Check Results for Package mdsr

Last updated on 2022-07-03 02:51:07 CEST.

Flavor Version Tinstall Tcheck Ttotal Status Flags
r-devel-linux-x86_64-debian-clang 0.2.5 42.84 93.42 136.26 OK
r-devel-linux-x86_64-debian-gcc 0.2.5 37.20 72.58 109.78 OK
r-devel-linux-x86_64-fedora-clang 0.2.5 183.59 NOTE
r-devel-linux-x86_64-fedora-gcc 0.2.5 186.08 NOTE
r-devel-windows-x86_64 0.2.5 51.00 122.00 173.00 OK
r-patched-linux-x86_64 0.2.5 44.93 89.10 134.03 OK
r-release-linux-x86_64 0.2.5 41.09 88.12 129.21 OK
r-release-macos-arm64 0.2.5 76.00 NOTE
r-release-macos-x86_64 0.2.5 99.00 NOTE
r-release-windows-x86_64 0.2.5 58.00 128.00 186.00 OK
r-oldrel-macos-arm64 0.2.5 71.00 NOTE
r-oldrel-macos-x86_64 0.2.5 116.00 NOTE
r-oldrel-windows-ix86+x86_64 0.2.5 67.00 123.00 190.00 OK

Check Details

Version: 0.2.5
Check: data for non-ASCII characters
Result: NOTE
     Note: found 2866 marked UTF-8 strings
Flavors: r-devel-linux-x86_64-fedora-clang, r-devel-linux-x86_64-fedora-gcc, r-release-macos-arm64, r-release-macos-x86_64, r-oldrel-macos-arm64, r-oldrel-macos-x86_64

Version: 0.2.5
Check: installed package size
Result: NOTE
     installed size is 5.2Mb
     sub-directories of 1Mb or more:
     data 5.0Mb
Flavors: r-release-macos-arm64, r-oldrel-macos-arm64