CRAN Package Check Results for Package metR

Last updated on 2021-10-26 02:56:36 CEST.

Flavor Version Tinstall Tcheck Ttotal Status Flags
r-devel-linux-x86_64-debian-clang 0.11.0 20.93 369.37 390.30 OK
r-devel-linux-x86_64-debian-gcc 0.11.0 16.00 261.14 277.14 OK
r-devel-linux-x86_64-fedora-clang 0.11.0 403.67 NOTE
r-devel-linux-x86_64-fedora-gcc 0.11.0 378.46 NOTE
r-devel-windows-x86_64 0.11.0 29.00 426.00 455.00 OK
r-devel-windows-x86_64-gcc10-UCRT 0.11.0 NOTE
r-patched-linux-x86_64 0.11.0 23.09 311.36 334.45 OK
r-patched-solaris-x86 0.11.0 367.60 NOTE
r-release-linux-x86_64 0.11.0 12.86 313.80 326.66 OK
r-release-macos-arm64 0.11.0 NOTE
r-release-macos-x86_64 0.11.0 NOTE
r-release-windows-ix86+x86_64 0.11.0 28.00 429.00 457.00 OK
r-oldrel-macos-x86_64 0.11.0 NOTE
r-oldrel-windows-ix86+x86_64 0.11.0 35.00 414.00 449.00 OK

Check Details

Version: 0.11.0
Check: dependencies in R code
Result: NOTE
    Namespace in Imports field not imported from: ‘memoise’
     All declared Imports should be used.
Flavors: r-devel-linux-x86_64-fedora-clang, r-devel-linux-x86_64-fedora-gcc, r-devel-windows-x86_64-gcc10-UCRT, r-patched-solaris-x86, r-release-macos-arm64, r-release-macos-x86_64, r-oldrel-macos-x86_64

Version: 0.11.0
Check: Rd cross-references
Result: NOTE
    Undeclared package ‘rlang’ in Rd xrefs
Flavor: r-devel-linux-x86_64-fedora-clang

Version: 0.11.0
Check: installed package size
Result: NOTE
     installed size is 5.0Mb
     sub-directories of 1Mb or more:
     data 1.1Mb
     doc 1.7Mb
Flavor: r-patched-solaris-x86

Version: 0.11.0
Check: package dependencies
Result: NOTE
    Package suggested but not available for checking: ‘udunits2’
Flavors: r-release-macos-arm64, r-release-macos-x86_64