Last updated on 2023-11-28 02:54:36 CET.
Flavor | Version | Tinstall | Tcheck | Ttotal | Status | Flags |
---|---|---|---|---|---|---|
r-devel-linux-x86_64-debian-clang | 0.4-5 | 17.35 | 206.29 | 223.64 | OK | |
r-devel-linux-x86_64-debian-gcc | 0.4-5 | 15.74 | 151.43 | 167.17 | OK | |
r-devel-linux-x86_64-fedora-clang | 0.4-5 | 286.51 | OK | |||
r-devel-linux-x86_64-fedora-gcc | 0.4-5 | 287.87 | OK | |||
r-devel-windows-x86_64 | 0.4-5 | 15.00 | 167.00 | 182.00 | OK | |
r-patched-linux-x86_64 | 0.4-5 | 19.72 | 190.89 | 210.61 | OK | |
r-release-linux-x86_64 | 0.4-5 | 11.47 | 192.64 | 204.11 | OK | |
r-release-macos-arm64 | 0.4-5 | 93.00 | OK | |||
r-release-macos-x86_64 | 0.4-5 | 119.00 | NOTE | |||
r-release-windows-x86_64 | 0.4-5 | 19.00 | 203.00 | 222.00 | OK | |
r-oldrel-macos-arm64 | 0.4-5 | 62.00 | OK | |||
r-oldrel-macos-x86_64 | 0.4-5 | 97.00 | OK | |||
r-oldrel-windows-x86_64 | 0.4-5 | 20.00 | 196.00 | 216.00 | OK |
Version: 0.4-5
Check: package dependencies
Result: NOTE
Package suggested but not available for checking: ‘glmmTMB’
Flavor: r-release-macos-x86_64