Last updated on 2021-03-07 02:48:30 CET.
Flavor | Version | Tinstall | Tcheck | Ttotal | Status | Flags |
---|---|---|---|---|---|---|
r-devel-linux-x86_64-debian-clang | 1.0.3 | 11.94 | 193.25 | 205.19 | OK | |
r-devel-linux-x86_64-debian-gcc | 1.0.3 | 9.71 | 145.96 | 155.67 | OK | |
r-devel-linux-x86_64-fedora-clang | 1.0.3 | 254.85 | OK | |||
r-devel-linux-x86_64-fedora-gcc | 1.0.3 | 233.44 | OK | |||
r-devel-windows-ix86+x86_64 | 1.0.3 | 19.00 | 238.00 | 257.00 | OK | --no-vignettes |
r-devel-windows-x86_64-gcc10-UCRT | 1.0.3 | OK | ||||
r-patched-linux-x86_64 | 1.0.3 | 11.17 | 181.03 | 192.20 | OK | |
r-patched-solaris-x86 | 1.0.3 | 310.20 | OK | |||
r-release-linux-x86_64 | 1.0.3 | 11.41 | 189.82 | 201.23 | OK | |
r-release-macos-x86_64 | 1.0.3 | OK | ||||
r-release-windows-ix86+x86_64 | 1.0.3 | 15.00 | 258.00 | 273.00 | OK | --no-vignettes |
r-oldrel-macos-x86_64 | 1.0.3 | ERROR | ||||
r-oldrel-windows-ix86+x86_64 | 1.0.3 | 12.00 | 165.00 | 177.00 | OK | --no-vignettes |
Version: 1.0.3
Check: package dependencies
Result: ERROR
Package required and available but unsuitable version: ‘inline’
See section ‘The DESCRIPTION file’ in the ‘Writing R Extensions’
manual.
Flavor: r-oldrel-macos-x86_64