CRAN Package Check Results for Package mlt.docreg

Last updated on 2024-04-23 02:54:12 CEST.

Flavor Version Tinstall Tcheck Ttotal Status Flags
r-devel-linux-x86_64-debian-clang 1.1-7 10.69 302.25 312.94 OK
r-devel-linux-x86_64-debian-gcc 1.1-7 10.80 129.13 139.93 NOTE
r-devel-linux-x86_64-fedora-clang 1.1-7 230.39 NOTE
r-devel-linux-x86_64-fedora-gcc 1.1-7 229.00 NOTE
r-prerel-macos-arm64 1.1-7 159.00 OK
r-prerel-windows-x86_64 1.1-7 11.00 280.00 291.00 OK
r-patched-linux-x86_64 1.1-7 7.92 292.41 300.33 OK
r-release-linux-x86_64 1.1-7 7.87 150.34 158.21 NOTE
r-release-macos-arm64 1.1-7 150.00 OK
r-release-macos-x86_64 1.1-7 382.00 OK
r-release-windows-x86_64 1.1-7 16.00 333.00 349.00 OK
r-oldrel-macos-arm64 1.1-7 144.00 OK
r-oldrel-windows-x86_64 1.1-7 15.00 369.00 384.00 OK

Check Details

Version: 1.1-7
Check: package dependencies
Result: NOTE Package suggested but not available for checking: ‘bshazard’ Flavors: r-devel-linux-x86_64-debian-gcc, r-devel-linux-x86_64-fedora-clang, r-devel-linux-x86_64-fedora-gcc, r-release-linux-x86_64

Version: 1.1-7
Check: re-building of vignette outputs
Result: NOTE Note: skipping ‘mlt.Rnw’ due to unavailable dependencies: 'bshazard' Flavors: r-devel-linux-x86_64-debian-gcc, r-devel-linux-x86_64-fedora-clang, r-devel-linux-x86_64-fedora-gcc, r-release-linux-x86_64