CRAN Package Check Results for Package nabor

Last updated on 2021-06-17 02:50:48 CEST.

Flavor Version Tinstall Tcheck Ttotal Status Flags
r-devel-linux-x86_64-debian-clang 0.5.0 74.33 36.07 110.40 OK
r-devel-linux-x86_64-debian-gcc 0.5.0 44.72 28.52 73.24 OK
r-devel-linux-x86_64-fedora-clang 0.5.0 149.86 NOTE
r-devel-linux-x86_64-fedora-gcc 0.5.0 127.28 OK
r-devel-windows-x86_64 0.5.0 77.00 52.00 129.00 OK
r-devel-windows-x86_64-gcc10-UCRT 0.5.0 OK
r-patched-linux-x86_64 0.5.0 56.75 35.03 91.78 OK
r-patched-solaris-x86 0.5.0 124.70 OK
r-release-linux-x86_64 0.5.0 54.13 35.19 89.32 OK
r-release-macos-arm64 0.5.0 NOTE
r-release-macos-x86_64 0.5.0 NOTE
r-release-windows-ix86+x86_64 0.5.0 148.00 84.00 232.00 OK
r-oldrel-macos-x86_64 0.5.0 NOTE
r-oldrel-windows-ix86+x86_64 0.5.0 108.00 85.00 193.00 OK

Check Details

Version: 0.5.0
Check: installed package size
Result: NOTE
     installed size is 7.7Mb
     sub-directories of 1Mb or more:
     libs 7.6Mb
Flavors: r-devel-linux-x86_64-fedora-clang, r-release-macos-arm64, r-release-macos-x86_64, r-oldrel-macos-x86_64