CRAN Package Check Results for Package nakagami

Last updated on 2021-04-24 02:48:04 CEST.

Flavor Version Tinstall Tcheck Ttotal Status Flags
r-devel-linux-x86_64-debian-clang 1.0.0 1.86 21.58 23.44 NOTE
r-devel-linux-x86_64-debian-gcc 1.0.0 1.35 17.38 18.73 NOTE
r-devel-linux-x86_64-fedora-clang 1.0.0 40.47 NOTE
r-devel-linux-x86_64-fedora-gcc 1.0.0 28.92 NOTE
r-devel-windows-ix86+x86_64 1.0.0 5.00 37.00 42.00 NOTE
r-devel-windows-x86_64-gcc10-UCRT 1.0.0 NOTE
r-patched-linux-x86_64 1.0.0 1.74 21.10 22.84 NOTE
r-patched-solaris-x86 1.0.0 44.90 OK
r-release-linux-x86_64 1.0.0 1.55 21.11 22.66 OK
r-release-macos-x86_64 1.0.0 OK
r-release-windows-ix86+x86_64 1.0.0 5.00 31.00 36.00 OK
r-oldrel-macos-x86_64 1.0.0 OK
r-oldrel-windows-ix86+x86_64 1.0.0 3.00 35.00 38.00 OK

Check Details

Version: 1.0.0
Check: LazyData
Result: NOTE
     'LazyData' is specified without a 'data' directory
Flavors: r-devel-linux-x86_64-debian-clang, r-devel-linux-x86_64-debian-gcc, r-devel-linux-x86_64-fedora-clang, r-devel-linux-x86_64-fedora-gcc, r-devel-windows-ix86+x86_64, r-devel-windows-x86_64-gcc10-UCRT, r-patched-linux-x86_64