CRAN Package Check Results for Package nngeo

Last updated on 2021-07-24 02:48:39 CEST.

Flavor Version Tinstall Tcheck Ttotal Status Flags
r-devel-linux-x86_64-debian-clang 0.4.3 6.98 74.11 81.09 OK
r-devel-linux-x86_64-debian-gcc 0.4.3 5.42 56.41 61.83 NOTE
r-devel-linux-x86_64-fedora-clang 0.4.3 102.46 NOTE
r-devel-linux-x86_64-fedora-gcc 0.4.3 90.38 NOTE
r-devel-windows-x86_64 0.4.3 10.00 76.00 86.00 OK
r-devel-windows-x86_64-gcc10-UCRT 0.4.3 NOTE
r-patched-linux-x86_64 0.4.3 6.06 69.82 75.88 OK
r-patched-solaris-x86 0.4.3 129.60 NOTE
r-release-linux-x86_64 0.4.3 5.89 70.40 76.29 OK
r-release-macos-arm64 0.4.3 NOTE
r-release-macos-x86_64 0.4.3 NOTE
r-release-windows-ix86+x86_64 0.4.3 21.00 100.00 121.00 OK
r-oldrel-macos-x86_64 0.4.3 NOTE
r-oldrel-windows-ix86+x86_64 0.4.3 21.00 127.00 148.00 OK

Check Details

Version: 0.4.3
Check: package dependencies
Result: NOTE
    Package suggested but not available for checking: ‘RPostgreSQL’
Flavor: r-devel-linux-x86_64-debian-gcc

Version: 0.4.3
Check: dependencies in R code
Result: NOTE
    Namespaces in Imports field not imported from:
     ‘lwgeom’ ‘s2’
     All declared Imports should be used.
Flavors: r-devel-linux-x86_64-fedora-clang, r-devel-linux-x86_64-fedora-gcc, r-devel-windows-x86_64-gcc10-UCRT, r-patched-solaris-x86, r-release-macos-arm64, r-release-macos-x86_64, r-oldrel-macos-x86_64