CRAN Package Check Results for Package packDAMipd

Last updated on 2022-08-08 02:54:57 CEST.

Flavor Version Tinstall Tcheck Ttotal Status Flags
r-devel-linux-x86_64-debian-clang 0.2.2 30.03 371.38 401.41 OK
r-devel-linux-x86_64-debian-gcc 0.2.2 22.45 269.85 292.30 OK
r-devel-linux-x86_64-fedora-clang 0.2.2 505.93 NOTE
r-devel-linux-x86_64-fedora-gcc 0.2.2 463.35 NOTE
r-devel-windows-x86_64 0.2.2 110.00 470.00 580.00 OK
r-patched-linux-x86_64 0.2.2 29.37 345.58 374.95 OK
r-release-linux-x86_64 0.2.2 27.04 349.32 376.36 OK
r-release-macos-arm64 0.2.2 122.00 NOTE
r-release-macos-x86_64 0.2.2 207.00 NOTE
r-release-windows-x86_64 0.2.2 130.00 483.00 613.00 OK
r-oldrel-macos-arm64 0.2.2 187.00 NOTE
r-oldrel-macos-x86_64 0.2.2 267.00 NOTE
r-oldrel-windows-ix86+x86_64 0.2.2 73.00 507.00 580.00 OK

Check Details

Version: 0.2.2
Check: package dependencies
Result: NOTE
    Imports includes 29 non-default packages.
    Importing from so many packages makes the package vulnerable to any of
    them becoming unavailable. Move as many as possible to Suggests and
    use conditionally.
Flavor: r-devel-linux-x86_64-fedora-clang

Version: 0.2.2
Check: dependencies in R code
Result: NOTE
    Namespaces in Imports field not imported from:
     ‘flexsurv’ ‘nlme’ ‘tibble’ ‘tidyverse’ ‘tm’
     All declared Imports should be used.
Flavors: r-devel-linux-x86_64-fedora-clang, r-devel-linux-x86_64-fedora-gcc, r-release-macos-arm64, r-release-macos-x86_64, r-oldrel-macos-arm64, r-oldrel-macos-x86_64