CRAN Package Check Results for Package paws.compute

Last updated on 2024-05-18 02:51:59 CEST.

Flavor Version Tinstall Tcheck Ttotal Status Flags
r-devel-linux-x86_64-debian-clang 0.6.1 156.17 369.14 525.31 OK
r-devel-linux-x86_64-debian-gcc 0.6.1 119.66 262.12 381.78 OK
r-devel-linux-x86_64-fedora-clang 0.6.1 673.84 NOTE
r-devel-linux-x86_64-fedora-gcc 0.6.1 633.73 OK
r-devel-windows-x86_64 0.6.1 117.00 436.00 553.00 NOTE
r-patched-linux-x86_64 0.5.0 172.75 338.02 510.77 OK
r-release-linux-x86_64 0.5.0 137.84 345.41 483.25 OK
r-release-macos-arm64 0.6.1 146.00 NOTE
r-release-macos-x86_64 0.6.1 306.00 NOTE
r-release-windows-x86_64 0.5.0 124.00 448.00 572.00 NOTE
r-oldrel-macos-arm64 0.6.1 143.00 NOTE
r-oldrel-macos-x86_64 0.6.1 273.00 NOTE
r-oldrel-windows-x86_64 0.6.1 98.00 471.00 569.00 NOTE

Check Details

Version: 0.6.1
Check: installed package size
Result: NOTE installed size is 6.6Mb sub-directories of 1Mb or more: R 3.0Mb help 3.4Mb Flavors: r-devel-linux-x86_64-fedora-clang, r-devel-windows-x86_64, r-release-macos-arm64, r-release-macos-x86_64, r-oldrel-macos-arm64, r-oldrel-macos-x86_64, r-oldrel-windows-x86_64

Version: 0.5.0
Check: installed package size
Result: NOTE installed size is 6.5Mb sub-directories of 1Mb or more: R 3.0Mb help 3.4Mb Flavor: r-release-windows-x86_64