Last updated on 2022-08-10 02:55:00 CEST.
Flavor | Version | Tinstall | Tcheck | Ttotal | Status | Flags |
---|---|---|---|---|---|---|
r-devel-linux-x86_64-debian-clang | 0.9.1 | 16.79 | 186.27 | 203.06 | OK | |
r-devel-linux-x86_64-debian-gcc | 0.9.1 | 15.12 | 135.84 | 150.96 | OK | |
r-devel-linux-x86_64-fedora-clang | 0.9.1 | 254.97 | OK | |||
r-devel-linux-x86_64-fedora-gcc | 0.9.1 | 258.19 | OK | |||
r-devel-windows-x86_64 | 0.9.1 | 279.00 | 237.00 | 516.00 | OK | |
r-patched-linux-x86_64 | 0.9.1 | 18.57 | 173.68 | 192.25 | NOTE | |
r-release-linux-x86_64 | 0.9.1 | OK | ||||
r-release-macos-arm64 | 0.9.1 | 6.00 | ERROR | |||
r-release-macos-x86_64 | 0.9.1 | 65.00 | OK | |||
r-release-windows-x86_64 | 0.9.1 | 301.00 | 222.00 | 523.00 | OK | |
r-oldrel-macos-arm64 | 0.9.1 | 44.00 | OK | |||
r-oldrel-macos-x86_64 | 0.9.1 | 66.00 | OK | |||
r-oldrel-windows-ix86+x86_64 | 0.9.1 | 31.00 | 231.00 | 262.00 | OK |
Version: 0.9.1
Check: package dependencies
Result: NOTE
Package suggested but not available for checking: ‘blavaan’
Flavor: r-patched-linux-x86_64
Version: 0.9.1
Check: package dependencies
Result: ERROR
Package required and available but unsuitable version: ‘datawizard’
See section ‘The DESCRIPTION file’ in the ‘Writing R Extensions’
manual.
Flavor: r-release-macos-arm64