Last updated on 2023-03-25 02:49:16 CET.
Flavor | Version | Tinstall | Tcheck | Ttotal | Status | Flags |
---|---|---|---|---|---|---|
r-devel-linux-x86_64-debian-clang | 0.50 | 6.39 | 70.54 | 76.93 | OK | |
r-devel-linux-x86_64-debian-gcc | 0.50 | 5.15 | 53.76 | 58.91 | OK | |
r-devel-linux-x86_64-fedora-clang | 0.50 | 97.68 | NOTE | |||
r-devel-linux-x86_64-fedora-gcc | 0.50 | 90.87 | NOTE | |||
r-patched-linux-x86_64 | 0.50 | 6.21 | 68.72 | 74.93 | OK | |
r-release-linux-x86_64 | 0.50 | 4.92 | 68.66 | 73.58 | OK | |
r-release-macos-arm64 | 0.50 | 31.00 | NOTE | |||
r-release-macos-x86_64 | 0.50 | 61.00 | NOTE | |||
r-release-windows-x86_64 | 0.50 | 26.00 | 106.00 | 132.00 | OK | |
r-oldrel-macos-arm64 | 0.50 | 39.00 | NOTE | |||
r-oldrel-macos-x86_64 | 0.50 | 58.00 | NOTE | |||
r-oldrel-windows-ix86+x86_64 | 0.50 | 23.00 | 118.00 | 141.00 | OK |
Version: 0.50
Check: dependencies in R code
Result: NOTE
Namespace in Imports field not imported from: ‘FrF2.catlg128’
All declared Imports should be used.
Flavors: r-devel-linux-x86_64-fedora-clang, r-devel-linux-x86_64-fedora-gcc, r-release-macos-arm64, r-release-macos-x86_64, r-oldrel-macos-arm64, r-oldrel-macos-x86_64
Version: 0.50
Check: Rd cross-references
Result: NOTE
Undeclared package ‘BsMD’ in Rd xrefs
Flavor: r-devel-linux-x86_64-fedora-clang