CRAN Package Check Results for Package pinbasic

Last updated on 2021-04-22 02:47:02 CEST.

Flavor Version Tinstall Tcheck Ttotal Status Flags
r-devel-linux-x86_64-debian-clang 1.2.2 38.77 66.30 105.07 OK
r-devel-linux-x86_64-debian-gcc 1.2.2 23.29 50.73 74.02 OK
r-devel-linux-x86_64-fedora-clang 1.2.2 151.40 OK
r-devel-linux-x86_64-fedora-gcc 1.2.2 126.74 OK
r-devel-windows-ix86+x86_64 1.2.2 89.00 112.00 201.00 OK
r-devel-windows-x86_64-gcc10-UCRT 1.2.2 OK
r-patched-linux-x86_64 1.2.2 32.64 61.48 94.12 WARN
r-patched-solaris-x86 1.2.2 155.70 OK
r-release-linux-x86_64 1.2.2 28.41 60.85 89.26 OK
r-release-macos-x86_64 1.2.2 OK
r-release-windows-ix86+x86_64 1.2.2 88.00 103.00 191.00 OK
r-oldrel-macos-x86_64 1.2.2 OK
r-oldrel-windows-ix86+x86_64 1.2.2 80.00 109.00 189.00 OK

Check Details

Version: 1.2.2
Check: whether package can be installed
Result: WARN
    Found the following significant warnings:
     Rd warning: /tmp/Rtmp9T7Bie/R.INSTALL312e4f2996cd/pinbasic/man/pin_confint.Rd:29: file link ‘set.seed’ in package ‘base’ does not exist and so has been treated as a topic
     Rd warning: /tmp/Rtmp8r4vU7/Rbuild34455ee0dd49/pinbasic/man/pinbasic.Rd:23: file link ‘lubridate’ in package ‘lubridate’ does not exist and so has been treated as a topic
Flavor: r-patched-linux-x86_64