CRAN Package Check Results for Package psre

Last updated on 2022-12-05 02:51:01 CET.

Flavor Version Tinstall Tcheck Ttotal Status Flags
r-devel-linux-x86_64-debian-clang 0.1.2 24.62 198.64 223.26 OK
r-devel-linux-x86_64-debian-gcc 0.1.2 19.31 146.69 166.00 OK
r-devel-linux-x86_64-fedora-clang 0.1.2 287.56 NOTE
r-devel-linux-x86_64-fedora-gcc 0.1.2 284.91 NOTE
r-devel-windows-x86_64 0.1.2 64.00 218.00 282.00 OK
r-patched-linux-x86_64 0.1.2 26.21 188.61 214.82 OK
r-release-linux-x86_64 0.1.2 21.32 189.42 210.74 OK
r-release-macos-arm64 0.1.2 68.00 NOTE
r-release-macos-x86_64 0.1.2 103.00 NOTE
r-release-windows-x86_64 0.1.2 82.00 214.00 296.00 OK
r-oldrel-macos-arm64 0.1.2 71.00 NOTE
r-oldrel-macos-x86_64 0.1.2 91.00 NOTE
r-oldrel-windows-ix86+x86_64 0.1.2 33.00 202.00 235.00 OK

Check Details

Version: 0.1.2
Check: data for non-ASCII characters
Result: NOTE
     Note: found 140 marked UTF-8 strings
Flavors: r-devel-linux-x86_64-fedora-clang, r-devel-linux-x86_64-fedora-gcc, r-release-macos-arm64, r-release-macos-x86_64, r-oldrel-macos-arm64, r-oldrel-macos-x86_64