CRAN Package Check Results for Package quadprogXT

Last updated on 2022-10-03 02:53:45 CEST.

Flavor Version Tinstall Tcheck Ttotal Status Flags
r-devel-linux-x86_64-debian-clang 0.0.5 2.22 22.08 24.30 NOTE
r-devel-linux-x86_64-debian-gcc 0.0.5 1.67 17.68 19.35 NOTE
r-devel-linux-x86_64-fedora-clang 0.0.5 43.35 NOTE
r-devel-linux-x86_64-fedora-gcc 0.0.5 40.64 NOTE
r-devel-windows-x86_64 0.0.5 25.00 49.00 74.00 NOTE
r-patched-linux-x86_64 0.0.5 1.36 21.34 22.70 NOTE
r-release-linux-x86_64 0.0.5 2.15 21.04 23.19 NOTE
r-release-macos-arm64 0.0.5 17.00 NOTE
r-release-macos-x86_64 0.0.5 21.00 NOTE
r-release-windows-x86_64 0.0.5 5.00 48.00 53.00 NOTE
r-oldrel-macos-arm64 0.0.5 17.00 NOTE
r-oldrel-macos-x86_64 0.0.5 24.00 NOTE
r-oldrel-windows-ix86+x86_64 0.0.5 5.00 28.00 33.00 NOTE

Check Details

Version: 0.0.5
Check: LazyData
Result: NOTE
     'LazyData' is specified without a 'data' directory
Flavors: r-devel-linux-x86_64-debian-clang, r-devel-linux-x86_64-debian-gcc, r-devel-linux-x86_64-fedora-clang, r-devel-linux-x86_64-fedora-gcc, r-devel-windows-x86_64, r-patched-linux-x86_64, r-release-linux-x86_64, r-release-macos-arm64, r-release-macos-x86_64, r-release-windows-x86_64, r-oldrel-macos-arm64, r-oldrel-macos-x86_64, r-oldrel-windows-ix86+x86_64