CRAN Package Check Results for Package randtoolbox

Last updated on 2022-12-05 02:51:02 CET.

Flavor Version Tinstall Tcheck Ttotal Status Flags
r-devel-linux-x86_64-debian-clang 2.0.3 10.77 74.08 84.85 OK
r-devel-linux-x86_64-debian-gcc 2.0.3 10.02 56.83 66.85 OK
r-devel-linux-x86_64-fedora-clang 2.0.3 122.88 WARN
r-devel-linux-x86_64-fedora-gcc 2.0.3 116.21 OK
r-devel-windows-x86_64 2.0.3 67.00 159.00 226.00 OK
r-patched-linux-x86_64 2.0.3 12.04 70.37 82.41 OK
r-release-linux-x86_64 2.0.3 9.71 68.54 78.25 OK
r-release-macos-arm64 2.0.3 47.00 OK
r-release-macos-x86_64 2.0.3 61.00 OK
r-release-windows-x86_64 2.0.3 46.00 161.00 207.00 OK
r-oldrel-macos-arm64 2.0.3 50.00 OK
r-oldrel-macos-x86_64 2.0.3 73.00 OK
r-oldrel-windows-ix86+x86_64 2.0.3 37.00 147.00 184.00 WARN

Check Details

Version: 2.0.3
Check: compiled code
Result: WARN
    File ‘randtoolbox/libs/randtoolbox.so’:
     Found ‘sprintf’, possibly from ‘sprintf’ (C)
     Object: ‘congruRand.o’
    
    Compiled code should not call entry points which might terminate R nor
    write to stdout/stderr instead of to the console, nor use Fortran I/O
    nor system RNGs nor [v]sprintf.
    
    See ‘Writing portable packages’ in the ‘Writing R Extensions’ manual.
Flavor: r-devel-linux-x86_64-fedora-clang

Version: 2.0.3
Check: whether package can be installed
Result: WARN
    Found the following significant warnings:
     congruRand.c:206:21: warning: ISO C does not support the 'I64' ms_scanf length modifier [-Wformat=]
     congruRand.c:213:20: warning: ISO C does not support the 'I64' ms_scanf length modifier [-Wformat=]
     congruRand.c:214:20: warning: ISO C does not support the 'I64' ms_scanf length modifier [-Wformat=]
     congruRand.c:215:18: warning: ISO C does not support the 'I64' ms_scanf length modifier [-Wformat=]
Flavor: r-oldrel-windows-ix86+x86_64