Last updated on 2022-08-10 02:55:01 CEST.
Flavor | Version | Tinstall | Tcheck | Ttotal | Status | Flags |
---|---|---|---|---|---|---|
r-devel-linux-x86_64-debian-clang | 5.5.1 | 27.92 | 121.41 | 149.33 | NOTE | |
r-devel-linux-x86_64-debian-gcc | 5.5.1 | 21.18 | 88.03 | 109.21 | NOTE | |
r-devel-linux-x86_64-fedora-clang | 5.5.1 | 184.62 | NOTE | |||
r-devel-linux-x86_64-fedora-gcc | 5.5.1 | 181.55 | NOTE | |||
r-devel-windows-x86_64 | 5.5.1 | 71.00 | 149.00 | 220.00 | NOTE | |
r-patched-linux-x86_64 | 5.5.1 | 20.83 | 112.99 | 133.82 | NOTE | |
r-release-linux-x86_64 | 5.5.1 | NOTE | ||||
r-release-macos-arm64 | 5.5.1 | 46.00 | NOTE | |||
r-release-macos-x86_64 | 5.5.1 | 79.00 | NOTE | |||
r-release-windows-x86_64 | 5.5.1 | 82.00 | 141.00 | 223.00 | NOTE | |
r-oldrel-macos-arm64 | 5.5.1 | 47.00 | NOTE | |||
r-oldrel-macos-x86_64 | 5.5.1 | 64.00 | NOTE | |||
r-oldrel-windows-ix86+x86_64 | 5.5.1 | 42.00 | 138.00 | 180.00 | NOTE |
Version: 5.5.1
Check: package dependencies
Result: NOTE
Packages suggested but not available for checking: 'cairoDevice', 'RGtk2'
Flavors: r-devel-linux-x86_64-debian-clang, r-devel-linux-x86_64-debian-gcc, r-devel-linux-x86_64-fedora-clang, r-devel-linux-x86_64-fedora-gcc, r-patched-linux-x86_64, r-release-linux-x86_64, r-release-macos-arm64, r-release-macos-x86_64, r-oldrel-macos-arm64
Version: 5.5.1
Check: Rd files
Result: NOTE
checkRd: (-1) acquireAuditData.Rd:24: Escaped LaTeX specials: \_
checkRd: (-1) rattle.Rd:44: Escaped LaTeX specials: \_
Flavors: r-devel-linux-x86_64-debian-clang, r-devel-linux-x86_64-debian-gcc, r-devel-linux-x86_64-fedora-clang, r-devel-linux-x86_64-fedora-gcc, r-devel-windows-x86_64
Version: 5.5.1
Check: installed package size
Result: NOTE
installed size is 9.6Mb
sub-directories of 1Mb or more:
data 4.6Mb
etc 1.9Mb
po 1.2Mb
Flavors: r-devel-linux-x86_64-fedora-clang, r-devel-windows-x86_64, r-release-macos-arm64, r-release-macos-x86_64, r-release-windows-x86_64, r-oldrel-macos-arm64, r-oldrel-macos-x86_64, r-oldrel-windows-ix86+x86_64