CRAN Package Check Results for Package repmis

Last updated on 2021-06-17 02:50:53 CEST.

Flavor Version Tinstall Tcheck Ttotal Status Flags
r-devel-linux-x86_64-debian-clang 0.5 3.85 37.37 41.22 NOTE
r-devel-linux-x86_64-debian-gcc 0.5 2.98 28.24 31.22 NOTE
r-devel-linux-x86_64-fedora-clang 0.5 58.29 NOTE
r-devel-linux-x86_64-fedora-gcc 0.5 55.19 NOTE
r-devel-windows-x86_64 0.5 6.00 58.00 64.00 OK
r-devel-windows-x86_64-gcc10-UCRT 0.5 OK
r-patched-linux-x86_64 0.5 5.68 35.36 41.04 NOTE
r-patched-solaris-x86 0.5 68.10 NOTE
r-release-linux-x86_64 0.5 3.53 35.98 39.51 NOTE
r-release-macos-arm64 0.5 OK
r-release-macos-x86_64 0.5 OK
r-release-windows-ix86+x86_64 0.5 9.00 55.00 64.00 OK
r-oldrel-macos-x86_64 0.5 OK
r-oldrel-windows-ix86+x86_64 0.5 7.00 58.00 65.00 OK

Check Details

Version: 0.5
Check: for non-standard things in the check directory
Result: NOTE
    Found the following files/directories:
     'PackageCites.bib'
Flavors: r-devel-linux-x86_64-debian-clang, r-devel-linux-x86_64-debian-gcc, r-devel-linux-x86_64-fedora-clang, r-devel-linux-x86_64-fedora-gcc, r-patched-linux-x86_64, r-patched-solaris-x86, r-release-linux-x86_64