CRAN Package Check Results for Package riskParityPortfolio

Last updated on 2024-03-04 02:59:30 CET.

Flavor Version Tinstall Tcheck Ttotal Status Flags
r-devel-linux-x86_64-debian-clang 0.2.2 98.17 54.86 153.03 NOTE
r-devel-linux-x86_64-debian-gcc 0.2.2 83.16 47.02 130.18 NOTE
r-devel-linux-x86_64-fedora-clang 0.2.2 203.69 NOTE
r-devel-linux-x86_64-fedora-gcc 0.2.2 230.78 NOTE
r-devel-windows-x86_64 0.2.2 75.00 83.00 158.00 NOTE
r-patched-linux-x86_64 0.2.2 62.58 59.96 122.54 OK
r-release-linux-x86_64 0.2.2 78.11 59.83 137.94 OK
r-release-macos-arm64 0.2.2 65.00 NOTE
r-release-macos-x86_64 0.2.2 94.00 NOTE
r-release-windows-x86_64 0.2.2 96.00 100.00 196.00 OK
r-oldrel-macos-arm64 0.2.2 54.00 NOTE
r-oldrel-windows-x86_64 0.2.2 93.00 95.00 188.00 OK

Check Details

Version: 0.2.2
Check: Rd files
Result: NOTE checkRd: (-1) riskParityPortfolio.Rd:163: Lost braces in \itemize; meant \describe ? checkRd: (-1) riskParityPortfolio.Rd:164: Lost braces in \itemize; meant \describe ? checkRd: (-1) riskParityPortfolio.Rd:165: Lost braces in \itemize; meant \describe ? checkRd: (-1) riskParityPortfolio.Rd:166: Lost braces in \itemize; meant \describe ? checkRd: (-1) riskParityPortfolio.Rd:167: Lost braces in \itemize; meant \describe ? checkRd: (-1) riskParityPortfolio.Rd:168: Lost braces in \itemize; meant \describe ? checkRd: (-1) riskParityPortfolio.Rd:169: Lost braces in \itemize; meant \describe ? checkRd: (-1) riskParityPortfolio.Rd:170: Lost braces in \itemize; meant \describe ? Flavors: r-devel-linux-x86_64-debian-clang, r-devel-linux-x86_64-debian-gcc, r-devel-linux-x86_64-fedora-clang, r-devel-linux-x86_64-fedora-gcc, r-devel-windows-x86_64

Version: 0.2.2
Check: installed package size
Result: NOTE installed size is 23.9Mb sub-directories of 1Mb or more: doc 1.4Mb libs 22.4Mb Flavors: r-release-macos-arm64, r-release-macos-x86_64, r-oldrel-macos-arm64

Version: 0.2.2
Check: package dependencies
Result: NOTE Package suggested but not available for checking: ‘portfolioBacktest’ Flavor: r-release-macos-x86_64