CRAN Package Check Results for Package romic

Last updated on 2021-11-28 02:48:59 CET.

Flavor Version Tinstall Tcheck Ttotal Status Flags
r-devel-linux-x86_64-debian-clang 1.0.0 OK
r-devel-linux-x86_64-debian-gcc 1.0.0 8.30 67.41 75.71 OK
r-devel-linux-x86_64-fedora-clang 1.0.0 128.40 OK
r-devel-linux-x86_64-fedora-gcc 1.0.0 114.09 OK
r-devel-windows-x86_64-new-UL 1.0.0 26.00 152.00 178.00 OK
r-devel-windows-x86_64-new-TK 1.0.0 OK
r-devel-windows-x86_64-old 1.0.0 16.00 121.00 137.00 OK
r-patched-linux-x86_64 1.0.0 6.44 83.81 90.25 OK
r-patched-solaris-x86 1.0.0 148.90 OK
r-release-linux-x86_64 1.0.0 OK
r-release-macos-arm64 1.0.0 OK
r-release-macos-x86_64 1.0.0 OK
r-release-windows-ix86+x86_64 1.0.0 22.00 88.00 110.00 OK
r-oldrel-macos-x86_64 1.0.0 OK
r-oldrel-windows-ix86+x86_64 1.0.0 22.00 124.00 146.00 ERROR

Check Details

Version: 1.0.0
Check: tests
Result: ERROR
     Running 'testthat.R' [7s]
    Running the tests in 'tests/testthat.R' failed.
    Complete output:
     > library(testthat)
     > library(romic)
     >
     > test_check("romic")
     40 features dropped due to missing values
     40 features dropped due to missing values
     2 samples dropped due to missing values
     39 features dropped due to missing values
     == Failed tests ================================================================
     -- Error (test-import_export.R:15:5): Read and Write Triple Omics --------------
     Error in `eval(code, test_env)`: !file.exists(features_path) is not TRUE
     Backtrace:
     x
     1. \-base::stopifnot(!file.exists(features_path)) test-import_export.R:15:4
     -- Error (test-import_export.R:59:5): Read and Write Tidy Omics ----------------
     Error in `eval(code, test_env)`: !file.exists(tidy_path) is not TRUE
     Backtrace:
     x
     1. \-base::stopifnot(!file.exists(tidy_path)) test-import_export.R:59:4
     -- Error (test-import_export.R:92:5): Read and Write Wide Data -----------------
     Error in `eval(code, test_env)`: !file.exists(wide_path) is not TRUE
     Backtrace:
     x
     1. \-base::stopifnot(!file.exists(wide_path)) test-import_export.R:92:4
    
     [ FAIL 3 | WARN 0 | SKIP 0 | PASS 12 ]
     Error: Test failures
     Execution halted
Flavor: r-oldrel-windows-ix86+x86_64