CRAN Package Check Results for Package rpart

Last updated on 2021-06-17 02:50:54 CEST.

Flavor Version Tinstall Tcheck Ttotal Status Flags
r-devel-linux-x86_64-debian-clang 4.1-15 11.16 71.90 83.06 OK
r-devel-linux-x86_64-debian-gcc 4.1-15 7.25 55.50 62.75 OK
r-devel-linux-x86_64-fedora-clang 4.1-15 108.39 NOTE
r-devel-linux-x86_64-fedora-gcc 4.1-15 96.50 OK
r-devel-windows-x86_64 4.1-15 23.00 81.00 104.00 OK
r-devel-windows-x86_64-gcc10-UCRT 4.1-15 OK
r-patched-linux-x86_64 4.1-15 7.29 69.24 76.53 OK
r-patched-solaris-x86 4.1-15 OK
r-release-linux-x86_64 4.1-15 9.90 69.37 79.27 OK
r-release-macos-arm64 4.1-15 OK
r-release-macos-x86_64 4.1-15 OK
r-release-windows-ix86+x86_64 4.1-15 41.00 91.00 132.00 OK
r-oldrel-macos-x86_64 4.1-15 OK
r-oldrel-windows-ix86+x86_64 4.1-15 37.00 121.00 158.00 OK

Check Details

Version: 4.1-15
Check: Rd cross-references
Result: NOTE
    Undeclared package ‘tree’ in Rd xrefs
Flavor: r-devel-linux-x86_64-fedora-clang