CRAN Package Check Results for Package rsimsum

Last updated on 2021-11-28 02:48:59 CET.

Flavor Version Tinstall Tcheck Ttotal Status Flags
r-devel-linux-x86_64-debian-clang 0.11.0 OK
r-devel-linux-x86_64-debian-gcc 0.11.0 6.68 135.11 141.79 OK
r-devel-linux-x86_64-fedora-clang 0.11.0 231.35 OK
r-devel-linux-x86_64-fedora-gcc 0.11.0 220.93 OK
r-devel-windows-x86_64-new-UL 0.11.0 28.00 270.00 298.00 OK
r-devel-windows-x86_64-new-TK 0.11.0 OK
r-devel-windows-x86_64-old 0.11.0 15.00 250.00 265.00 OK
r-patched-linux-x86_64 0.11.0 8.44 184.81 193.25 OK
r-patched-solaris-x86 0.11.0 194.00 NOTE
r-release-linux-x86_64 0.11.0 OK
r-release-macos-arm64 0.11.0 OK
r-release-macos-x86_64 0.11.0 OK
r-release-windows-ix86+x86_64 0.11.0 21.00 174.00 195.00 OK
r-oldrel-macos-x86_64 0.11.0 OK
r-oldrel-windows-ix86+x86_64 0.11.0 21.00 246.00 267.00 OK

Check Details

Version: 0.11.0
Check: installed package size
Result: NOTE
     installed size is 5.0Mb
     sub-directories of 1Mb or more:
     data 1.3Mb
     doc 2.1Mb
     help 1.3Mb
Flavor: r-patched-solaris-x86