CRAN Package Check Results for Package rtweet

Last updated on 2022-01-24 02:51:13 CET.

Flavor Version Tinstall Tcheck Ttotal Status Flags
r-devel-linux-x86_64-debian-clang 0.7.0 11.28 75.65 86.93 OK
r-devel-linux-x86_64-debian-gcc 0.7.0 9.90 57.26 67.16 OK
r-devel-linux-x86_64-fedora-clang 0.7.0 108.73 NOTE
r-devel-linux-x86_64-fedora-gcc 0.7.0 94.41 NOTE
r-devel-windows-x86_64-new-UL 0.7.0 136.00 108.00 244.00 OK
r-devel-windows-x86_64-new-TK 0.7.0 NOTE
r-patched-linux-x86_64 0.7.0 13.64 73.17 86.81 OK
r-release-linux-x86_64 0.7.0 10.50 74.76 85.26 OK
r-release-macos-arm64 0.7.0 NOTE
r-release-macos-x86_64 0.7.0 NOTE
r-release-windows-ix86+x86_64 0.7.0 19.00 88.00 107.00 OK
r-oldrel-macos-x86_64 0.7.0 NOTE
r-oldrel-windows-ix86+x86_64 0.7.0 19.00 88.00 107.00 OK

Check Details

Version: 0.7.0
Check: dependencies in R code
Result: NOTE
    Namespace in Imports field not imported from: ‘Rcpp’
     All declared Imports should be used.
Flavors: r-devel-linux-x86_64-fedora-clang, r-devel-linux-x86_64-fedora-gcc, r-devel-windows-x86_64-new-TK, r-release-macos-arm64, r-release-macos-x86_64, r-oldrel-macos-x86_64

Version: 0.7.0
Check: data for non-ASCII characters
Result: NOTE
     Note: found 113868 marked UTF-8 strings
Flavors: r-devel-linux-x86_64-fedora-clang, r-devel-linux-x86_64-fedora-gcc, r-devel-windows-x86_64-new-TK, r-release-macos-arm64, r-release-macos-x86_64, r-oldrel-macos-x86_64