Last updated on 2023-06-04 02:54:33 CEST.
Flavor | Version | Tinstall | Tcheck | Ttotal | Status | Flags |
---|---|---|---|---|---|---|
r-devel-linux-x86_64-debian-clang | 2.2.1-7 | 36.49 | 245.74 | 282.23 | NOTE | |
r-devel-linux-x86_64-debian-gcc | 2.2.1-7 | 25.68 | 176.84 | 202.52 | NOTE | |
r-devel-linux-x86_64-fedora-clang | 2.2.1-7 | 380.98 | NOTE | |||
r-devel-linux-x86_64-fedora-gcc | 2.2.1-7 | 419.39 | NOTE | |||
r-devel-windows-x86_64 | 2.2.1-7 | 37.00 | 87.00 | 124.00 | NOTE | --no-examples --no-tests --no-vignettes |
r-patched-linux-x86_64 | 2.2.1-7 | 30.95 | 236.55 | 267.50 | NOTE | |
r-release-linux-x86_64 | 2.2.1-7 | 31.79 | 232.68 | 264.47 | NOTE | |
r-release-macos-arm64 | 2.2.1-7 | 158.00 | NOTE | |||
r-release-macos-x86_64 | 2.2.1-7 | 222.00 | NOTE | |||
r-release-windows-x86_64 | 2.2.1-7 | 54.00 | 89.00 | 143.00 | NOTE | --no-examples --no-tests --no-vignettes |
r-oldrel-macos-arm64 | 2.2.1-7 | 150.00 | OK | |||
r-oldrel-macos-x86_64 | 2.2.1-7 | 177.00 | NOTE | |||
r-oldrel-windows-x86_64 | 2.2.1-7 | 41.00 | 89.00 | 130.00 | OK | --no-examples --no-tests --no-vignettes |
Version: 2.2.1-7
Check: Rd files
Result: NOTE
checkRd: (-1) run.jags.study.Rd:67: Escaped LaTeX specials: \$
Flavors: r-devel-linux-x86_64-debian-clang, r-devel-linux-x86_64-debian-gcc, r-devel-linux-x86_64-fedora-clang, r-devel-linux-x86_64-fedora-gcc, r-patched-linux-x86_64, r-release-linux-x86_64, r-release-macos-arm64, r-release-macos-x86_64
Version: 2.2.1-7
Flags: --no-examples --no-tests --no-vignettes
Check: Rd files
Result: NOTE
checkRd: (-1) run.jags.study.Rd:67: Escaped LaTeX specials: \$
Flavors: r-devel-windows-x86_64, r-release-windows-x86_64
Version: 2.2.1-7
Check: package dependencies
Result: NOTE
Packages suggested but not available for checking: 'rjags', 'modeest'
Flavor: r-release-macos-x86_64
Version: 2.2.1-7
Check: Rd cross-references
Result: NOTE
Packages unavailable to check Rd xrefs: ‘modeest’, ‘rjags’
Flavor: r-release-macos-x86_64
Version: 2.2.1-7
Check: package dependencies
Result: NOTE
Package suggested but not available for checking: ‘rjags’
Flavor: r-oldrel-macos-x86_64
Version: 2.2.1-7
Check: Rd cross-references
Result: NOTE
Package unavailable to check Rd xrefs: ‘rjags’
Flavor: r-oldrel-macos-x86_64