Last updated on 2023-05-28 02:56:01 CEST.
Flavor | Version | Tinstall | Tcheck | Ttotal | Status | Flags |
---|---|---|---|---|---|---|
r-devel-linux-x86_64-debian-clang | 1.1.4 | 10.33 | 375.45 | 385.78 | OK | |
r-devel-linux-x86_64-debian-gcc | 1.1.4 | 7.43 | 292.85 | 300.28 | OK | |
r-devel-linux-x86_64-fedora-clang | 1.1.4 | 515.39 | NOTE | |||
r-devel-linux-x86_64-fedora-gcc | 1.1.4 | 465.97 | OK | |||
r-devel-windows-x86_64 | 1.1.4 | 8.00 | 341.00 | 349.00 | OK | |
r-patched-linux-x86_64 | 1.1.4 | 12.33 | 376.64 | 388.97 | OK | |
r-release-linux-x86_64 | 1.1.4 | 11.14 | 361.85 | 372.99 | OK | |
r-release-macos-arm64 | 1.1.4 | 199.00 | OK | |||
r-release-macos-x86_64 | 1.1.4 | 283.00 | OK | |||
r-release-windows-x86_64 | 1.1.4 | 11.00 | 431.00 | 442.00 | OK | |
r-oldrel-macos-arm64 | 1.1.4 | 179.00 | OK | |||
r-oldrel-macos-x86_64 | 1.1.4 | 204.00 | OK | |||
r-oldrel-windows-x86_64 | 1.1.4 | 14.00 | 448.00 | 462.00 | OK |
Version: 1.1.4
Check: Rd cross-references
Result: NOTE
Undeclared package ‘tibble’ in Rd xrefs
Flavor: r-devel-linux-x86_64-fedora-clang