Last updated on 2023-06-04 02:54:35 CEST.
Flavor | Version | Tinstall | Tcheck | Ttotal | Status | Flags |
---|---|---|---|---|---|---|
r-devel-linux-x86_64-debian-clang | 3.12-66 | 369.23 | 397.01 | 766.24 | OK | |
r-devel-linux-x86_64-debian-gcc | 3.12-66 | 285.65 | 288.54 | 574.19 | OK | |
r-devel-linux-x86_64-fedora-clang | 3.12-66 | 1087.26 | NOTE | |||
r-devel-linux-x86_64-fedora-gcc | 3.12-66 | 1068.23 | OK | |||
r-devel-windows-x86_64 | 3.12-66 | 274.00 | 340.00 | 614.00 | NOTE | |
r-patched-linux-x86_64 | 3.12-66 | 329.10 | 368.78 | 697.88 | OK | |
r-release-linux-x86_64 | 3.12-66 | 303.50 | 373.93 | 677.43 | OK | |
r-release-macos-arm64 | 3.12-66 | 215.00 | NOTE | |||
r-release-macos-x86_64 | 3.12-66 | 378.00 | NOTE | |||
r-release-windows-x86_64 | 3.12-66 | 345.00 | 428.00 | 773.00 | NOTE | |
r-oldrel-macos-arm64 | 3.12-66 | 231.00 | NOTE | |||
r-oldrel-macos-x86_64 | 3.12-66 | 274.00 | NOTE | |||
r-oldrel-windows-x86_64 | 3.12-66 | 337.00 | 394.00 | 731.00 | NOTE |
Version: 3.12-66
Check: installed package size
Result: NOTE
installed size is 5.1Mb
sub-directories of 1Mb or more:
R 2.1Mb
Flavors: r-devel-linux-x86_64-fedora-clang, r-devel-windows-x86_64, r-release-macos-arm64, r-release-macos-x86_64, r-release-windows-x86_64, r-oldrel-macos-arm64, r-oldrel-macos-x86_64, r-oldrel-windows-x86_64