Last updated on 2023-03-25 02:49:21 CET.
Flavor | Version | Tinstall | Tcheck | Ttotal | Status | Flags |
---|---|---|---|---|---|---|
r-devel-linux-x86_64-debian-clang | 1.3.0 | 176.08 | 165.08 | 341.16 | OK | |
r-devel-linux-x86_64-debian-gcc | 1.3.0 | 128.50 | 122.03 | 250.53 | OK | |
r-devel-linux-x86_64-fedora-clang | 1.3.0 | 522.86 | OK | |||
r-devel-linux-x86_64-fedora-gcc | 1.3.0 | 447.40 | OK | |||
r-patched-linux-x86_64 | 1.3.0 | 124.15 | 150.17 | 274.32 | OK | |
r-release-linux-x86_64 | 1.3.0 | 105.28 | 148.05 | 253.33 | OK | |
r-release-macos-arm64 | 1.3.0 | 82.00 | NOTE | |||
r-release-macos-x86_64 | 1.3.0 | 124.00 | NOTE | |||
r-release-windows-x86_64 | 1.3.0 | 322.00 | 209.00 | 531.00 | OK | |
r-oldrel-macos-arm64 | 1.3.0 | 77.00 | NOTE | |||
r-oldrel-macos-x86_64 | 1.3.0 | 125.00 | NOTE | |||
r-oldrel-windows-ix86+x86_64 | 1.3.0 | 397.00 | 236.00 | 633.00 | NOTE |
Version: 1.3.0
Check: installed package size
Result: NOTE
installed size is 7.3Mb
sub-directories of 1Mb or more:
libs 4.8Mb
Flavors: r-release-macos-arm64, r-release-macos-x86_64, r-oldrel-macos-arm64, r-oldrel-macos-x86_64, r-oldrel-windows-ix86+x86_64