Last updated on 2023-09-26 03:13:23 CEST.
Flavor | Version | Tinstall | Tcheck | Ttotal | Status | Flags |
---|---|---|---|---|---|---|
r-devel-linux-x86_64-debian-clang | 1.3 | 261.07 | 93.63 | 354.70 | OK | |
r-devel-linux-x86_64-debian-gcc | 1.3 | 181.67 | 70.64 | 252.31 | OK | |
r-devel-linux-x86_64-fedora-clang | 1.3 | 522.28 | OK | |||
r-devel-linux-x86_64-fedora-gcc | 1.3 | 549.89 | OK | |||
r-devel-windows-x86_64 | 1.3 | 204.00 | 104.00 | 308.00 | OK | |
r-patched-linux-x86_64 | 1.3 | 223.61 | 88.73 | 312.34 | OK | |
r-release-linux-x86_64 | 1.3 | 258.68 | 89.50 | 348.18 | OK | |
r-release-macos-arm64 | 1.3 | 124.00 | NOTE | |||
r-release-macos-x86_64 | 1.3 | 178.00 | NOTE | |||
r-release-windows-x86_64 | 1.3 | 254.00 | 125.00 | 379.00 | OK | |
r-oldrel-macos-arm64 | 1.3 | 85.00 | NOTE | |||
r-oldrel-macos-x86_64 | 1.3 | 141.00 | NOTE | |||
r-oldrel-windows-x86_64 | 1.3 | 239.00 | 125.00 | 364.00 | OK |
Version: 1.3
Check: installed package size
Result: NOTE
installed size is 13.7Mb
sub-directories of 1Mb or more:
data 3.1Mb
libs 10.1Mb
Flavors: r-release-macos-arm64, r-release-macos-x86_64, r-oldrel-macos-arm64, r-oldrel-macos-x86_64