Last updated on 2023-01-31 03:00:58 CET.
Flavor | Version | Tinstall | Tcheck | Ttotal | Status | Flags |
---|---|---|---|---|---|---|
r-devel-linux-x86_64-debian-clang | 1.3 | 36.88 | 129.15 | 166.03 | NOTE | |
r-devel-linux-x86_64-debian-gcc | 1.3 | 29.08 | 93.45 | 122.53 | NOTE | |
r-devel-linux-x86_64-fedora-clang | 1.3 | 208.40 | NOTE | |||
r-devel-linux-x86_64-fedora-gcc | 1.3 | 196.66 | NOTE | |||
r-devel-windows-x86_64 | 1.3 | 53.00 | 162.00 | 215.00 | NOTE | |
r-patched-linux-x86_64 | 1.3 | 26.15 | 118.71 | 144.86 | NOTE | |
r-release-linux-x86_64 | 1.3 | 26.55 | 119.24 | 145.79 | NOTE | |
r-release-macos-arm64 | 1.3 | 51.00 | NOTE | |||
r-release-macos-x86_64 | 1.3 | 96.00 | NOTE | |||
r-release-windows-x86_64 | 1.3 | 42.00 | 181.00 | 223.00 | NOTE | |
r-oldrel-macos-arm64 | 1.3 | 56.00 | NOTE | |||
r-oldrel-macos-x86_64 | 1.3 | 99.00 | NOTE | |||
r-oldrel-windows-ix86+x86_64 | 1.3 | 77.00 | 199.00 | 276.00 | NOTE |
Version: 1.3
Check: LazyData
Result: NOTE
'LazyData' is specified without a 'data' directory
Flavors: r-devel-linux-x86_64-debian-clang, r-devel-linux-x86_64-debian-gcc, r-devel-linux-x86_64-fedora-clang, r-devel-linux-x86_64-fedora-gcc, r-devel-windows-x86_64, r-patched-linux-x86_64, r-release-linux-x86_64, r-release-macos-arm64, r-release-macos-x86_64, r-release-windows-x86_64, r-oldrel-macos-arm64, r-oldrel-macos-x86_64, r-oldrel-windows-ix86+x86_64