Last updated on 2023-09-25 03:08:28 CEST.
Flavor | Version | Tinstall | Tcheck | Ttotal | Status | Flags |
---|---|---|---|---|---|---|
r-devel-linux-x86_64-debian-clang | 1.3 | 35.07 | 127.62 | 162.69 | NOTE | |
r-devel-linux-x86_64-debian-gcc | 1.3 | 28.26 | 94.24 | 122.50 | NOTE | |
r-devel-linux-x86_64-fedora-clang | 1.3 | 214.76 | NOTE | |||
r-devel-linux-x86_64-fedora-gcc | 1.3 | 197.95 | NOTE | |||
r-devel-windows-x86_64 | 1.3 | 30.00 | 127.00 | 157.00 | NOTE | |
r-patched-linux-x86_64 | 1.3 | 24.13 | 122.19 | 146.32 | NOTE | |
r-release-linux-x86_64 | 1.3 | 27.18 | 121.04 | 148.22 | NOTE | |
r-release-macos-arm64 | 1.3 | 60.00 | NOTE | |||
r-release-macos-x86_64 | 1.3 | 91.00 | NOTE | |||
r-release-windows-x86_64 | 1.3 | 40.00 | 149.00 | 189.00 | NOTE | |
r-oldrel-macos-arm64 | 1.3 | 51.00 | NOTE | |||
r-oldrel-macos-x86_64 | 1.3 | 96.00 | NOTE | |||
r-oldrel-windows-x86_64 | 1.3 | 37.00 | 149.00 | 186.00 | NOTE |
Version: 1.3
Check: LazyData
Result: NOTE
'LazyData' is specified without a 'data' directory
Flavors: r-devel-linux-x86_64-debian-clang, r-devel-linux-x86_64-debian-gcc, r-devel-linux-x86_64-fedora-clang, r-devel-linux-x86_64-fedora-gcc, r-devel-windows-x86_64, r-patched-linux-x86_64, r-release-linux-x86_64, r-release-macos-arm64, r-release-macos-x86_64, r-release-windows-x86_64, r-oldrel-macos-arm64, r-oldrel-macos-x86_64, r-oldrel-windows-x86_64