Last updated on 2023-06-04 02:54:35 CEST.
Flavor | Version | Tinstall | Tcheck | Ttotal | Status | Flags |
---|---|---|---|---|---|---|
r-devel-linux-x86_64-debian-clang | 2.0-0 | 33.14 | 308.43 | 341.57 | NOTE | |
r-devel-linux-x86_64-debian-gcc | 2.0-0 | 22.47 | 233.92 | 256.39 | NOTE | |
r-devel-linux-x86_64-fedora-clang | 2.0-0 | 454.88 | NOTE | |||
r-devel-linux-x86_64-fedora-gcc | 2.0-0 | 435.59 | NOTE | |||
r-devel-windows-x86_64 | 2.0-0 | 28.00 | 253.00 | 281.00 | NOTE | |
r-patched-linux-x86_64 | 2.0-0 | 30.72 | 296.51 | 327.23 | NOTE | |
r-release-linux-x86_64 | 2.0-0 | 31.17 | 301.28 | 332.45 | NOTE | |
r-release-macos-arm64 | 2.0-0 | 103.00 | NOTE | |||
r-release-macos-x86_64 | 2.0-0 | 177.00 | NOTE | |||
r-release-windows-x86_64 | 2.0-0 | 37.00 | 322.00 | 359.00 | OK | |
r-oldrel-macos-arm64 | 2.0-0 | 94.00 | OK | |||
r-oldrel-macos-x86_64 | 2.0-0 | 125.00 | OK | |||
r-oldrel-windows-x86_64 | 2.0-0 | 37.00 | 310.00 | 347.00 | OK |
Version: 2.0-0
Check: package dependencies
Result: NOTE
Package suggested but not available for checking: ‘RStoolbox’
Flavors: r-devel-linux-x86_64-debian-clang, r-devel-linux-x86_64-debian-gcc, r-devel-linux-x86_64-fedora-clang, r-devel-linux-x86_64-fedora-gcc, r-devel-windows-x86_64, r-patched-linux-x86_64, r-release-linux-x86_64, r-release-macos-arm64, r-release-macos-x86_64