Last updated on 2023-06-04 02:54:35 CEST.
Flavor | Version | Tinstall | Tcheck | Ttotal | Status | Flags |
---|---|---|---|---|---|---|
r-devel-linux-x86_64-debian-clang | 2.0 | 22.66 | 202.82 | 225.48 | OK | |
r-devel-linux-x86_64-debian-gcc | 2.0 | 18.42 | 153.82 | 172.24 | OK | |
r-devel-linux-x86_64-fedora-clang | 2.0 | 302.07 | NOTE | |||
r-devel-linux-x86_64-fedora-gcc | 2.0 | 299.64 | NOTE | |||
r-devel-windows-x86_64 | 2.0 | 19.00 | 179.00 | 198.00 | OK | |
r-patched-linux-x86_64 | 2.0 | 25.02 | 193.58 | 218.60 | OK | |
r-release-linux-x86_64 | 2.0 | 23.03 | 194.24 | 217.27 | OK | |
r-release-macos-arm64 | 2.0 | 88.00 | OK | |||
r-release-macos-x86_64 | 2.0 | 153.00 | OK | |||
r-release-windows-x86_64 | 2.0 | 24.00 | 215.00 | 239.00 | OK | |
r-oldrel-macos-arm64 | 2.0 | 132.00 | NOTE | |||
r-oldrel-macos-x86_64 | 2.0 | 192.00 | NOTE | |||
r-oldrel-windows-x86_64 | 2.0 | 26.00 | 213.00 | 239.00 | OK |
Version: 2.0
Check: dependencies in R code
Result: NOTE
Namespaces in Imports field not imported from:
‘sf’ ‘spData’
All declared Imports should be used.
Flavors: r-devel-linux-x86_64-fedora-clang, r-devel-linux-x86_64-fedora-gcc, r-oldrel-macos-arm64, r-oldrel-macos-x86_64