CRAN Package Check Results for Package stablelearner

Last updated on 2021-07-24 02:48:47 CEST.

Flavor Version Tinstall Tcheck Ttotal Status Flags
r-devel-linux-x86_64-debian-clang 0.1-3 11.16 147.12 158.28 OK
r-devel-linux-x86_64-debian-gcc 0.1-3 8.26 107.59 115.85 OK
r-devel-linux-x86_64-fedora-clang 0.1-3 189.03 NOTE
r-devel-linux-x86_64-fedora-gcc 0.1-3 182.33 NOTE
r-devel-windows-x86_64 0.1-3 15.00 146.00 161.00 OK
r-devel-windows-x86_64-gcc10-UCRT 0.1-3 NOTE
r-patched-linux-x86_64 0.1-3 14.32 136.26 150.58 OK
r-patched-solaris-x86 0.1-3 240.90 NOTE
r-release-linux-x86_64 0.1-3 10.04 138.23 148.27 OK
r-release-macos-arm64 0.1-3 NOTE
r-release-macos-x86_64 0.1-3 NOTE
r-release-windows-ix86+x86_64 0.1-3 25.00 133.00 158.00 OK
r-oldrel-macos-x86_64 0.1-3 NOTE
r-oldrel-windows-ix86+x86_64 0.1-3 25.00 175.00 200.00 OK

Check Details

Version: 0.1-3
Check: data for non-ASCII characters
Result: NOTE
     Note: found 123 marked UTF-8 strings
Flavors: r-devel-linux-x86_64-fedora-clang, r-devel-linux-x86_64-fedora-gcc, r-devel-windows-x86_64-gcc10-UCRT, r-patched-solaris-x86, r-release-macos-arm64, r-release-macos-x86_64, r-oldrel-macos-x86_64