CRAN Package Check Results for Package statgenHTP

Last updated on 2022-05-22 02:49:15 CEST.

Flavor Version Tinstall Tcheck Ttotal Status Flags
r-devel-linux-x86_64-debian-clang 1.0.5 13.79 437.95 451.74 NOTE
r-devel-linux-x86_64-debian-gcc 1.0.5 10.72 326.14 336.86 NOTE
r-devel-linux-x86_64-fedora-clang 1.0.5 516.78 NOTE
r-devel-linux-x86_64-fedora-gcc 1.0.5 510.55 NOTE
r-devel-windows-x86_64 1.0.5 57.00 495.00 552.00 NOTE
r-patched-linux-x86_64 1.0.5 13.65 406.74 420.39 NOTE
r-release-linux-x86_64 1.0.5 13.67 415.34 429.01 NOTE
r-release-macos-arm64 1.0.5 159.00 NOTE
r-release-macos-x86_64 1.0.5 267.00 NOTE
r-release-windows-x86_64 1.0.5 51.00 492.00 543.00 NOTE
r-oldrel-macos-arm64 1.0.5 154.00 NOTE
r-oldrel-macos-x86_64 1.0.5 203.00 NOTE
r-oldrel-windows-ix86+x86_64 1.0.5 28.00 506.00 534.00 NOTE

Check Details

Version: 1.0.5
Check: package dependencies
Result: NOTE
    Package suggested but not available for checking: 'asreml'
Flavors: r-devel-linux-x86_64-debian-clang, r-devel-linux-x86_64-debian-gcc, r-devel-linux-x86_64-fedora-clang, r-devel-linux-x86_64-fedora-gcc, r-devel-windows-x86_64, r-patched-linux-x86_64, r-release-linux-x86_64, r-release-macos-arm64, r-release-macos-x86_64, r-release-windows-x86_64, r-oldrel-macos-arm64, r-oldrel-macos-x86_64, r-oldrel-windows-ix86+x86_64