Last updated on 2023-01-31 03:00:59 CET.
Flavor | Version | Tinstall | Tcheck | Ttotal | Status | Flags |
---|---|---|---|---|---|---|
r-devel-linux-x86_64-debian-clang | 3.4.1 | 13.42 | 94.20 | 107.62 | NOTE | |
r-devel-linux-x86_64-debian-gcc | 3.4.1 | 9.71 | 68.65 | 78.36 | NOTE | |
r-devel-linux-x86_64-fedora-clang | 3.4.1 | 132.60 | NOTE | |||
r-devel-linux-x86_64-fedora-gcc | 3.4.1 | 131.12 | NOTE | |||
r-devel-windows-x86_64 | 3.4.1 | 25.00 | 117.00 | 142.00 | NOTE | |
r-patched-linux-x86_64 | 3.4.1 | 11.12 | 85.31 | 96.43 | OK | |
r-release-linux-x86_64 | 3.4.1 | 12.58 | 86.44 | 99.02 | OK | |
r-release-macos-arm64 | 3.4.1 | 34.00 | OK | |||
r-release-macos-x86_64 | 3.4.1 | 50.00 | OK | |||
r-release-windows-x86_64 | 3.4.1 | 33.00 | 124.00 | 157.00 | OK | |
r-oldrel-macos-arm64 | 3.4.1 | 45.00 | OK | |||
r-oldrel-macos-x86_64 | 3.4.1 | 59.00 | OK | |||
r-oldrel-windows-ix86+x86_64 | 3.4.1 | 22.00 | 117.00 | 139.00 | OK |
Version: 3.4.1
Check: Rd files
Result: NOTE
checkRd: (-1) stdGlm.Rd:93: Escaped LaTeX specials: \&
Flavors: r-devel-linux-x86_64-debian-clang, r-devel-linux-x86_64-debian-gcc, r-devel-linux-x86_64-fedora-clang, r-devel-linux-x86_64-fedora-gcc, r-devel-windows-x86_64