Last updated on 2022-05-22 02:49:15 CEST.
Flavor | Version | Tinstall | Tcheck | Ttotal | Status | Flags |
---|---|---|---|---|---|---|
r-devel-linux-x86_64-debian-clang | 1.5-1 | 147.95 | 229.90 | 377.85 | OK | |
r-devel-linux-x86_64-debian-gcc | 1.5-1 | 118.62 | 170.03 | 288.65 | OK | |
r-devel-linux-x86_64-fedora-clang | 1.5-1 | 513.53 | NOTE | |||
r-devel-linux-x86_64-fedora-gcc | 1.5-1 | 502.82 | OK | |||
r-devel-windows-x86_64 | 1.5-1 | 187.00 | 316.00 | 503.00 | OK | |
r-patched-linux-x86_64 | 1.5-1 | 130.99 | 217.40 | 348.39 | OK | |
r-release-linux-x86_64 | 1.5-1 | 130.07 | 218.93 | 349.00 | OK | |
r-release-macos-arm64 | 1.5-1 | 117.00 | NOTE | |||
r-release-macos-x86_64 | 1.5-1 | 189.00 | NOTE | |||
r-release-windows-x86_64 | 1.5-1 | 171.00 | 325.00 | 496.00 | OK | |
r-oldrel-macos-arm64 | 1.5-1 | 116.00 | NOTE | |||
r-oldrel-macos-x86_64 | 1.5-1 | 163.00 | NOTE | |||
r-oldrel-windows-ix86+x86_64 | 1.5-1 | 347.00 | 377.00 | 724.00 | NOTE |
Version: 1.5-1
Check: installed package size
Result: NOTE
installed size is 10.8Mb
sub-directories of 1Mb or more:
doc 2.1Mb
libs 7.8Mb
Flavors: r-devel-linux-x86_64-fedora-clang, r-release-macos-arm64, r-release-macos-x86_64, r-oldrel-macos-arm64, r-oldrel-macos-x86_64, r-oldrel-windows-ix86+x86_64