CRAN Package Check Results for Package tfdeploy

Last updated on 2022-07-03 02:51:16 CEST.

Flavor Version Tinstall Tcheck Ttotal Status Flags
r-devel-linux-x86_64-debian-clang 0.6.1 10.84 87.51 98.35 NOTE
r-devel-linux-x86_64-debian-gcc 0.6.1 7.30 66.14 73.44 NOTE
r-devel-linux-x86_64-fedora-clang 0.6.1 127.75 NOTE
r-devel-linux-x86_64-fedora-gcc 0.6.1 119.91 NOTE
r-devel-windows-x86_64 0.6.1 68.00 119.00 187.00 NOTE
r-patched-linux-x86_64 0.6.1 8.39 85.12 93.51 NOTE
r-release-linux-x86_64 0.6.1 8.96 83.07 92.03 NOTE
r-release-macos-arm64 0.6.1 32.00 NOTE
r-release-macos-x86_64 0.6.1 52.00 NOTE
r-release-windows-x86_64 0.6.1 55.00 119.00 174.00 NOTE
r-oldrel-macos-arm64 0.6.1 38.00 NOTE
r-oldrel-macos-x86_64 0.6.1 62.00 NOTE
r-oldrel-windows-ix86+x86_64 0.6.1 21.00 102.00 123.00 NOTE

Check Details

Version: 0.6.1
Check: LazyData
Result: NOTE
     'LazyData' is specified without a 'data' directory
Flavors: r-devel-linux-x86_64-debian-clang, r-devel-linux-x86_64-debian-gcc, r-devel-linux-x86_64-fedora-clang, r-devel-linux-x86_64-fedora-gcc, r-devel-windows-x86_64, r-patched-linux-x86_64, r-release-linux-x86_64, r-release-macos-arm64, r-release-macos-x86_64, r-release-windows-x86_64, r-oldrel-macos-arm64, r-oldrel-macos-x86_64, r-oldrel-windows-ix86+x86_64