Last updated on 2023-02-09 02:53:28 CET.
Flavor | Version | Tinstall | Tcheck | Ttotal | Status | Flags |
---|---|---|---|---|---|---|
r-devel-linux-x86_64-debian-clang | 0.9.1 | 936.67 | 300.06 | 1236.73 | NOTE | |
r-devel-linux-x86_64-debian-gcc | 0.9.1 | 861.28 | 217.80 | 1079.08 | NOTE | |
r-devel-linux-x86_64-fedora-clang | 0.9.1 | 1364.30 | NOTE | |||
r-devel-linux-x86_64-fedora-gcc | 0.9.1 | 1380.88 | NOTE | |||
r-devel-windows-x86_64 | 0.9.1 | 1290.00 | 702.00 | 1992.00 | NOTE | |
r-patched-linux-x86_64 | 0.9.1 | 890.69 | 254.27 | 1144.96 | OK | |
r-release-linux-x86_64 | 0.9.1 | 923.14 | 242.36 | 1165.50 | OK | |
r-release-macos-arm64 | 0.9.1 | 374.00 | NOTE | |||
r-release-macos-x86_64 | 0.9.1 | 541.00 | NOTE | |||
r-release-windows-x86_64 | 0.9.1 | 1354.00 | 585.00 | 1939.00 | NOTE | |
r-oldrel-macos-arm64 | 0.9.1 | 378.00 | NOTE | |||
r-oldrel-macos-x86_64 | 0.9.1 | 548.00 | NOTE | |||
r-oldrel-windows-ix86+x86_64 | 0.9.1 | 2003.00 | 561.00 | 2564.00 | NOTE |
Version: 0.9.1
Check: C++ specification
Result: NOTE
Specified C++11: please update to current default of C++17
Flavor: r-devel-linux-x86_64-debian-clang
Version: 0.9.1
Check: C++ specification
Result: NOTE
Specified C++11: please drop specification unless essential
Flavors: r-devel-linux-x86_64-debian-gcc, r-devel-linux-x86_64-fedora-clang, r-devel-linux-x86_64-fedora-gcc, r-devel-windows-x86_64
Version: 0.9.1
Check: installed package size
Result: NOTE
installed size is 32.9Mb
sub-directories of 1Mb or more:
R 5.2Mb
help 1.6Mb
include 1.5Mb
libs 24.1Mb
Flavors: r-devel-linux-x86_64-fedora-clang, r-devel-windows-x86_64, r-release-macos-arm64, r-release-macos-x86_64, r-release-windows-x86_64, r-oldrel-macos-arm64, r-oldrel-macos-x86_64, r-oldrel-windows-ix86+x86_64