CRAN Package Check Results for Package tscount

Last updated on 2024-06-25 02:54:53 CEST.

Flavor Version Tinstall Tcheck Ttotal Status Flags
r-devel-linux-x86_64-debian-clang 1.4.3 5.87 189.88 195.75 OK
r-devel-linux-x86_64-debian-gcc 1.4.3 5.11 127.23 132.34 OK
r-devel-linux-x86_64-fedora-clang 1.4.3 245.62 OK
r-devel-linux-x86_64-fedora-gcc 1.4.3 226.14 OK
r-devel-windows-x86_64 1.4.3 6.00 164.00 170.00 OK
r-patched-linux-x86_64 1.4.3 6.40 176.65 183.05 OK
r-release-linux-x86_64 1.4.3 6.55 176.32 182.87 OK
r-release-macos-arm64 1.4.3 60.00 WARN
r-release-macos-x86_64 1.4.3 101.00 OK
r-release-windows-x86_64 1.4.3 6.00 165.00 171.00 OK
r-oldrel-macos-arm64 1.4.3 75.00 NOTE
r-oldrel-macos-x86_64 1.4.3 125.00 NOTE
r-oldrel-windows-x86_64 1.4.3 8.00 192.00 200.00 OK

Check Details

Version: 1.4.3
Check: re-building of vignette outputs
Result: WARN Error(s) in re-building vignettes: ... --- re-building ‘tsglm.Rnw’ using Sweave Error: processing vignette 'tsglm.Rnw' failed with diagnostics: Running 'texi2dvi' on 'tsglm.tex' failed. LaTeX errors: !pdfTeX error: pdflatex (file bbm10): Font bbm10 at 657 not found ==> Fatal error occurred, no output PDF file produced! --- failed re-building 'tsglm.Rnw' SUMMARY: processing the following file failed: 'tsglm.Rnw' Error: Vignette re-building failed. Execution halted Flavor: r-release-macos-arm64

Version: 1.4.3
Check: re-building of vignette outputs
Result: NOTE Error(s) in re-building vignettes: ... --- re-building ‘tsglm.Rnw’ using Sweave Error: processing vignette 'tsglm.Rnw' failed with diagnostics: Running 'texi2dvi' on 'tsglm.tex' failed. LaTeX errors: !pdfTeX error: pdflatex (file bbm10): Font bbm10 at 657 not found ==> Fatal error occurred, no output PDF file produced! --- failed re-building 'tsglm.Rnw' SUMMARY: processing the following file failed: 'tsglm.Rnw' Error: Vignette re-building failed. Execution halted Flavor: r-oldrel-macos-arm64

Version: 1.4.3
Check: re-building of vignette outputs
Result: NOTE Error(s) in re-building vignettes: ... --- re-building ‘tsglm.Rnw’ using Sweave Error: processing vignette 'tsglm.Rnw' failed with diagnostics: Running 'texi2dvi' on 'tsglm.tex' failed. LaTeX errors: ! LaTeX Error: File `mathabx.sty' not found. Type X to quit or <RETURN> to proceed, or enter new name. (Default extension: sty) ! Emergency stop. <read *> l.13 \usepackage {microtype}^^M ! ==> Fatal error occurred, no output PDF file produced! --- failed re-building 'tsglm.Rnw' SUMMARY: processing the following file failed: 'tsglm.Rnw' Error: Vignette re-building failed. Execution halted Flavor: r-oldrel-macos-x86_64