CRAN Package Check Results for Package tscount

Last updated on 2023-09-26 03:13:25 CEST.

Flavor Version Tinstall Tcheck Ttotal Status Flags
r-devel-linux-x86_64-debian-clang 1.4.3 6.11 182.01 188.12 OK
r-devel-linux-x86_64-debian-gcc 1.4.3 5.60 128.50 134.10 OK
r-devel-linux-x86_64-fedora-clang 1.4.3 225.08 OK
r-devel-linux-x86_64-fedora-gcc 1.4.3 234.15 OK
r-devel-windows-x86_64 1.4.3 7.00 160.00 167.00 OK
r-patched-linux-x86_64 1.4.3 6.84 179.01 185.85 OK
r-release-linux-x86_64 1.4.3 5.58 186.08 191.66 OK
r-release-macos-arm64 1.4.3 75.00 NOTE
r-release-macos-x86_64 1.4.3 125.00 NOTE
r-release-windows-x86_64 1.4.3 8.00 185.00 193.00 OK
r-oldrel-macos-arm64 1.4.3 62.00 NOTE
r-oldrel-macos-x86_64 1.4.3 82.00 OK
r-oldrel-windows-x86_64 1.4.3 11.00 194.00 205.00 OK

Check Details

Version: 1.4.3
Check: re-building of vignette outputs
Result: NOTE
    Error(s) in re-building vignettes:
     ...
    --- re-building ‘tsglm.Rnw’ using Sweave
    Error: processing vignette 'tsglm.Rnw' failed with diagnostics:
    Running 'texi2dvi' on 'tsglm.tex' failed.
    LaTeX errors:
    !pdfTeX error: pdflatex (file bbm10): Font bbm10 at 657 not found
     ==> Fatal error occurred, no output PDF file produced!
    --- failed re-building 'tsglm.Rnw'
    
    SUMMARY: processing the following file failed:
     'tsglm.Rnw'
    
    Error: Vignette re-building failed.
    Execution halted
Flavors: r-release-macos-arm64, r-oldrel-macos-arm64

Version: 1.4.3
Check: re-building of vignette outputs
Result: NOTE
    Error(s) in re-building vignettes:
     ...
    --- re-building ‘tsglm.Rnw’ using Sweave
    Error: processing vignette 'tsglm.Rnw' failed with diagnostics:
    Running 'texi2dvi' on 'tsglm.tex' failed.
    LaTeX errors:
    ! LaTeX Error: File `mathabx.sty' not found.
    
    Type X to quit or <RETURN> to proceed,
    or enter new name. (Default extension: sty)
    
    ! Emergency stop.
    <read *>
    
    l.13 \usepackage
     {microtype}^^M
    ! ==> Fatal error occurred, no output PDF file produced!
    --- failed re-building 'tsglm.Rnw'
    
    SUMMARY: processing the following file failed:
     'tsglm.Rnw'
    
    Error: Vignette re-building failed.
    Execution halted
Flavor: r-release-macos-x86_64