CRAN Package Check Results for Package uCAREChemSuiteCLI

Last updated on 2021-11-28 02:49:04 CET.

Flavor Version Tinstall Tcheck Ttotal Status Flags
r-devel-linux-x86_64-debian-clang 0.2.0 NOTE
r-devel-linux-x86_64-debian-gcc 0.2.0 5.76 47.68 53.44 NOTE
r-devel-linux-x86_64-fedora-clang 0.2.0 94.28 NOTE
r-devel-linux-x86_64-fedora-gcc 0.2.0 80.13 NOTE
r-devel-windows-x86_64-new-UL 0.2.0 16.00 101.00 117.00 NOTE
r-devel-windows-x86_64-new-TK 0.2.0 NOTE
r-devel-windows-x86_64-old 0.2.0 11.00 89.00 100.00 NOTE
r-patched-linux-x86_64 0.2.0 6.23 58.06 64.29 NOTE
r-release-linux-x86_64 0.2.0 NOTE
r-release-macos-arm64 0.2.0 NOTE
r-release-macos-x86_64 0.2.0 NOTE
r-release-windows-ix86+x86_64 0.2.0 19.00 60.00 79.00 NOTE
r-oldrel-macos-x86_64 0.2.0 ERROR
r-oldrel-windows-ix86+x86_64 0.2.0 32.00 84.00 116.00 OK

Check Details

Version: 0.2.0
Check: LazyData
Result: NOTE
     'LazyData' is specified without a 'data' directory
Flavors: r-devel-linux-x86_64-debian-clang, r-devel-linux-x86_64-debian-gcc, r-devel-linux-x86_64-fedora-clang, r-devel-linux-x86_64-fedora-gcc, r-devel-windows-x86_64-new-UL, r-devel-windows-x86_64-new-TK, r-devel-windows-x86_64-old, r-patched-linux-x86_64, r-release-linux-x86_64, r-release-macos-arm64, r-release-macos-x86_64, r-release-windows-ix86+x86_64

Version: 0.2.0
Check: package dependencies
Result: ERROR
    Package required but not available: ‘ChemmineR’
    
    See section ‘The DESCRIPTION file’ in the ‘Writing R Extensions’
    manual.
Flavor: r-oldrel-macos-x86_64