CRAN Package Check Results for Package uHMM

Last updated on 2021-04-24 02:48:15 CEST.

Flavor Version Tinstall Tcheck Ttotal Status Flags
r-devel-linux-x86_64-debian-clang 1.0 14.41 80.53 94.94 OK
r-devel-linux-x86_64-debian-gcc 1.0 10.55 60.29 70.84 OK
r-devel-linux-x86_64-fedora-clang 1.0 126.01 OK
r-devel-linux-x86_64-fedora-gcc 1.0 115.94 OK
r-devel-windows-ix86+x86_64 1.0 25.00 96.00 121.00 OK
r-devel-windows-x86_64-gcc10-UCRT 1.0 OK
r-patched-linux-x86_64 1.0 13.84 76.74 90.58 OK
r-patched-solaris-x86 1.0 168.00 OK
r-release-linux-x86_64 1.0 12.95 74.20 87.15 OK
r-release-macos-x86_64 1.0 OK
r-release-windows-ix86+x86_64 1.0 20.00 94.00 114.00 OK
r-oldrel-macos-x86_64 1.0 FAIL
r-oldrel-windows-ix86+x86_64 1.0 21.00 89.00 110.00 OK

Check Details

Version: 1.0
Check: whether package can be installed
Result: FAIL
Flavor: r-oldrel-macos-x86_64