CRAN Package Check Results for Package unglue

Last updated on 2021-04-24 02:48:15 CEST.

Flavor Version Tinstall Tcheck Ttotal Status Flags
r-devel-linux-x86_64-debian-clang 0.1.0 2.06 24.21 26.27 NOTE
r-devel-linux-x86_64-debian-gcc 0.1.0 1.80 18.90 20.70 NOTE
r-devel-linux-x86_64-fedora-clang 0.1.0 42.12 NOTE
r-devel-linux-x86_64-fedora-gcc 0.1.0 42.74 NOTE
r-devel-windows-ix86+x86_64 0.1.0 5.00 42.00 47.00 NOTE
r-devel-windows-x86_64-gcc10-UCRT 0.1.0 NOTE
r-patched-linux-x86_64 0.1.0 2.39 23.55 25.94 NOTE
r-patched-solaris-x86 0.1.0 49.80 OK
r-release-linux-x86_64 0.1.0 2.10 23.28 25.38 OK
r-release-macos-x86_64 0.1.0 OK
r-release-windows-ix86+x86_64 0.1.0 5.00 31.00 36.00 OK
r-oldrel-macos-x86_64 0.1.0 OK
r-oldrel-windows-ix86+x86_64 0.1.0 3.00 36.00 39.00 OK

Check Details

Version: 0.1.0
Check: LazyData
Result: NOTE
     'LazyData' is specified without a 'data' directory
Flavors: r-devel-linux-x86_64-debian-clang, r-devel-linux-x86_64-debian-gcc, r-devel-linux-x86_64-fedora-clang, r-devel-linux-x86_64-fedora-gcc, r-devel-windows-ix86+x86_64, r-devel-windows-x86_64-gcc10-UCRT, r-patched-linux-x86_64