CRAN Package Check Results for Package versions

Last updated on 2021-10-26 02:56:48 CEST.

Flavor Version Tinstall Tcheck Ttotal Status Flags
r-devel-linux-x86_64-debian-clang 0.3 1.77 19.99 21.76 NOTE
r-devel-linux-x86_64-debian-gcc 0.3 1.56 15.18 16.74 NOTE
r-devel-linux-x86_64-fedora-clang 0.3 36.19 NOTE
r-devel-linux-x86_64-fedora-gcc 0.3 25.98 NOTE
r-devel-windows-x86_64 0.3 3.00 27.00 30.00 NOTE
r-devel-windows-x86_64-gcc10-UCRT 0.3 NOTE
r-patched-linux-x86_64 0.3 2.12 19.18 21.30 NOTE
r-patched-solaris-x86 0.3 42.30 NOTE
r-release-linux-x86_64 0.3 1.89 19.06 20.95 NOTE
r-release-macos-arm64 0.3 NOTE
r-release-macos-x86_64 0.3 NOTE
r-release-windows-ix86+x86_64 0.3 5.00 26.00 31.00 NOTE
r-oldrel-macos-x86_64 0.3 OK
r-oldrel-windows-ix86+x86_64 0.3 4.00 25.00 29.00 OK

Check Details

Version: 0.3
Check: LazyData
Result: NOTE
     'LazyData' is specified without a 'data' directory
Flavors: r-devel-linux-x86_64-debian-clang, r-devel-linux-x86_64-debian-gcc, r-devel-linux-x86_64-fedora-clang, r-devel-linux-x86_64-fedora-gcc, r-devel-windows-x86_64, r-devel-windows-x86_64-gcc10-UCRT, r-patched-linux-x86_64, r-patched-solaris-x86, r-release-linux-x86_64, r-release-macos-arm64, r-release-macos-x86_64, r-release-windows-ix86+x86_64